{"id":144,"date":"2014-01-31T22:18:02","date_gmt":"2014-01-31T21:18:02","guid":{"rendered":"http:\/\/amelix.de\/?page_id=144"},"modified":"2016-12-18T20:29:36","modified_gmt":"2016-12-18T19:29:36","slug":"fahrradtour-donauradweg-passau-wien-2005","status":"publish","type":"page","link":"http:\/\/amelix.de\/?page_id=144","title":{"rendered":"Fahrradtour Donauradweg  Passau Wien September 2005"},"content":{"rendered":"<p><span style=\"color: #0000ff;\">Diese Radtour ist wie eine \u00a07-spurige Autobahn. Gut asphaltiert und gut gepflegt. Und fast durchgehend R\u00fcckenwind. Und die Beschilderung war so gut, dass\u00a0man auch ohne Karte oder GPS prima zurecht kommen konnte. Es waren vom Rennrad \u00fcbers Mountainbike bis zu Trekkingr\u00e4dern , alles dort unterwegs.Ein grosser Teil der Strecke f\u00fchrte sehr nahe an der Donau entlang, wenig durch gepflasterte Waldst\u00fccke und ganz wenige Abschnitte waren Wald-\/ Sand- oder Schotterwege. Lokale und Rastm\u00f6glichkeiten oder nette kleine Cafe&#8217;s gab es auch genug.\u00a0<\/span><\/p>\n<p>&nbsp;<\/p>\n<p>&nbsp;<\/p>\n<p>&nbsp;<\/p>\n<p>&nbsp;<\/p>\n<p>Start bei Regen in M\u00fcnster Richtung Passau<\/p>\n<p><a  href=\"http:\/\/amelix.de\/wp-content\/uploads\/2014\/01\/DSCN7014.jpg\" data-rel=\"lightbox-gallery-0\" data-rl_title=\"\" data-rl_caption=\"\" title=\"\"><img loading=\"lazy\" class=\"alignnone wp-image-145 size-medium\" src=\"http:\/\/amelix.de\/wp-content\/uploads\/2014\/01\/DSCN7014-600x450.jpg\" alt=\"Bild: Donau Radweg Passau Wien Fahrrad Amelix\" width=\"600\" height=\"450\" srcset=\"http:\/\/amelix.de\/wp-content\/uploads\/2014\/01\/DSCN7014-600x450.jpg 600w, http:\/\/amelix.de\/wp-content\/uploads\/2014\/01\/DSCN7014-1024x768.jpg 1024w, http:\/\/amelix.de\/wp-content\/uploads\/2014\/01\/DSCN7014.jpg 2048w\" sizes=\"(max-width: 600px) 85vw, 600px\" \/><\/a><\/p>\n<p>&nbsp;<\/p>\n<p>Unser einziges auf dieser Tour vorbestelltes Quartier, da wir erst abends in Passau ankamen<\/p>\n<p><a  href=\"http:\/\/amelix.de\/wp-content\/uploads\/2014\/01\/DSCN7017.jpg\" data-rel=\"lightbox-gallery-0\" data-rl_title=\"\" data-rl_caption=\"\" title=\"\"><img loading=\"lazy\" class=\"alignnone wp-image-146 size-medium\" src=\"http:\/\/amelix.de\/wp-content\/uploads\/2014\/01\/DSCN7017-450x600.jpg\" alt=\"Bild: Donau Radweg Passau Wien Fahrrad Amelix\" width=\"450\" height=\"600\" srcset=\"http:\/\/amelix.de\/wp-content\/uploads\/2014\/01\/DSCN7017-450x600.jpg 450w, http:\/\/amelix.de\/wp-content\/uploads\/2014\/01\/DSCN7017-768x1024.jpg 768w, http:\/\/amelix.de\/wp-content\/uploads\/2014\/01\/DSCN7017.jpg 1536w\" sizes=\"(max-width: 450px) 85vw, 450px\" \/><\/a><\/p>\n<p>&nbsp;<\/p>\n<p>unsere R\u00e4der konnten wir in der offenen Tiefgarage an der Wasserleitung festketten<\/p>\n<p><a  href=\"http:\/\/amelix.de\/wp-content\/uploads\/2014\/01\/DSCN7015.jpg\" data-rel=\"lightbox-gallery-0\" data-rl_title=\"\" data-rl_caption=\"\" title=\"\"><img loading=\"lazy\" class=\"alignnone wp-image-166 size-medium\" src=\"http:\/\/amelix.de\/wp-content\/uploads\/2014\/01\/DSCN7015-600x450.jpg\" alt=\"Bild: Donau Radweg Passau Wien Fahrrad Amelix\" width=\"600\" height=\"450\" srcset=\"http:\/\/amelix.de\/wp-content\/uploads\/2014\/01\/DSCN7015-600x450.jpg 600w, http:\/\/amelix.de\/wp-content\/uploads\/2014\/01\/DSCN7015-1024x768.jpg 1024w, http:\/\/amelix.de\/wp-content\/uploads\/2014\/01\/DSCN7015.jpg 2048w\" sizes=\"(max-width: 600px) 85vw, 600px\" \/><\/a><\/p>\n<p>&nbsp;<\/p>\n<p>&#8230;erster Blick \u00fcber die Passauer Donau<\/p>\n<p><a  href=\"http:\/\/amelix.de\/wp-content\/uploads\/2014\/01\/DSCN7019.jpg\" data-rel=\"lightbox-gallery-0\" data-rl_title=\"\" data-rl_caption=\"\" title=\"\"><img loading=\"lazy\" class=\"alignnone wp-image-147 size-medium\" src=\"http:\/\/amelix.de\/wp-content\/uploads\/2014\/01\/DSCN7019-600x450.jpg\" alt=\"Bild: Donau Radweg Passau Wien Fahrrad Amelix\" width=\"600\" height=\"450\" srcset=\"http:\/\/amelix.de\/wp-content\/uploads\/2014\/01\/DSCN7019-600x450.jpg 600w, http:\/\/amelix.de\/wp-content\/uploads\/2014\/01\/DSCN7019-1024x768.jpg 1024w, http:\/\/amelix.de\/wp-content\/uploads\/2014\/01\/DSCN7019.jpg 2048w\" sizes=\"(max-width: 600px) 85vw, 600px\" \/><\/a><\/p>\n<p>&nbsp;<\/p>\n<p>Start in Passau auf sehr gut beschildertem Radweg, selbst die Grenzbeschilderung war deutlich<\/p>\n<p>&#8230;&#8230;aus Bayern raus und nach \u00d6sterreich rein in 3 m&#8230;..<\/p>\n<p><a  href=\"http:\/\/amelix.de\/wp-content\/uploads\/2014\/01\/DSCN7025.jpg\" data-rel=\"lightbox-gallery-0\" data-rl_title=\"\" data-rl_caption=\"\" title=\"\"><img loading=\"lazy\" class=\"alignnone wp-image-149 size-medium\" src=\"http:\/\/amelix.de\/wp-content\/uploads\/2014\/01\/DSCN7025-450x600.jpg\" alt=\"Bild: Donau Radweg Passau Wien Fahrrad Amelix\" width=\"450\" height=\"600\" srcset=\"http:\/\/amelix.de\/wp-content\/uploads\/2014\/01\/DSCN7025-450x600.jpg 450w, http:\/\/amelix.de\/wp-content\/uploads\/2014\/01\/DSCN7025-768x1024.jpg 768w, http:\/\/amelix.de\/wp-content\/uploads\/2014\/01\/DSCN7025.jpg 1536w\" sizes=\"(max-width: 450px) 85vw, 450px\" \/><\/a><a  href=\"http:\/\/amelix.de\/wp-content\/uploads\/2014\/01\/DSCN7023.jpg\" data-rel=\"lightbox-gallery-0\" data-rl_title=\"\" data-rl_caption=\"\" title=\"\"><img loading=\"lazy\" class=\"alignnone wp-image-148 size-medium\" src=\"http:\/\/amelix.de\/wp-content\/uploads\/2014\/01\/DSCN7023-600x450.jpg\" alt=\"Bild: Donau Radweg Passau Wien Fahrrad Amelix\" width=\"600\" height=\"450\" srcset=\"http:\/\/amelix.de\/wp-content\/uploads\/2014\/01\/DSCN7023-600x450.jpg 600w, http:\/\/amelix.de\/wp-content\/uploads\/2014\/01\/DSCN7023-1024x768.jpg 1024w, http:\/\/amelix.de\/wp-content\/uploads\/2014\/01\/DSCN7023.jpg 2048w\" sizes=\"(max-width: 600px) 85vw, 600px\" \/><\/a><\/p>\n<p>&nbsp;<\/p>\n<p>dort gab es sogar spezielle Radf\u00e4hren zur Donau\u00fcberquerung<\/p>\n<p><a  href=\"http:\/\/amelix.de\/wp-content\/uploads\/2014\/01\/DSCN7027.jpg\" data-rel=\"lightbox-gallery-0\" data-rl_title=\"\" data-rl_caption=\"\" title=\"\"><img loading=\"lazy\" class=\"alignnone wp-image-150 size-medium\" src=\"http:\/\/amelix.de\/wp-content\/uploads\/2014\/01\/DSCN7027-600x450.jpg\" alt=\"Bild: Donau Radweg Passau Wien Fahrrad Amelix\" width=\"600\" height=\"450\" srcset=\"http:\/\/amelix.de\/wp-content\/uploads\/2014\/01\/DSCN7027-600x450.jpg 600w, http:\/\/amelix.de\/wp-content\/uploads\/2014\/01\/DSCN7027-1024x768.jpg 1024w, http:\/\/amelix.de\/wp-content\/uploads\/2014\/01\/DSCN7027.jpg 2048w\" sizes=\"(max-width: 600px) 85vw, 600px\" \/><\/a><\/p>\n<p>&nbsp;<\/p>\n<p>aber auch Br\u00fccken<\/p>\n<p><a  href=\"http:\/\/amelix.de\/wp-content\/uploads\/2014\/01\/DSCN7030.jpg\" data-rel=\"lightbox-gallery-0\" data-rl_title=\"\" data-rl_caption=\"\" title=\"\"><img loading=\"lazy\" class=\"alignnone wp-image-151 size-medium\" src=\"http:\/\/amelix.de\/wp-content\/uploads\/2014\/01\/DSCN7030-600x450.jpg\" alt=\"Bild: Donau Radweg Passau Wien Fahrrad Amelix\" width=\"600\" height=\"450\" srcset=\"http:\/\/amelix.de\/wp-content\/uploads\/2014\/01\/DSCN7030-600x450.jpg 600w, http:\/\/amelix.de\/wp-content\/uploads\/2014\/01\/DSCN7030-1024x768.jpg 1024w, http:\/\/amelix.de\/wp-content\/uploads\/2014\/01\/DSCN7030.jpg 2048w\" sizes=\"(max-width: 600px) 85vw, 600px\" \/><\/a><\/p>\n<p>&nbsp;<\/p>\n<p>die erste \u00dcbernachtung hatten wir im Gasthof Traube in der N\u00e4he von Kloster Krems<\/p>\n<p><a  href=\"http:\/\/amelix.de\/wp-content\/uploads\/2014\/01\/DSCN7031.jpg\" data-rel=\"lightbox-gallery-0\" data-rl_title=\"\" data-rl_caption=\"\" title=\"\"><img loading=\"lazy\" class=\"alignnone wp-image-152 size-medium\" src=\"http:\/\/amelix.de\/wp-content\/uploads\/2014\/01\/DSCN7031-600x450.jpg\" alt=\"Bild: Donau Radweg Passau Wien Fahrrad Amelix\" width=\"600\" height=\"450\" srcset=\"http:\/\/amelix.de\/wp-content\/uploads\/2014\/01\/DSCN7031-600x450.jpg 600w, http:\/\/amelix.de\/wp-content\/uploads\/2014\/01\/DSCN7031-1024x768.jpg 1024w, http:\/\/amelix.de\/wp-content\/uploads\/2014\/01\/DSCN7031.jpg 2048w\" sizes=\"(max-width: 600px) 85vw, 600px\" \/><\/a> <a  href=\"http:\/\/amelix.de\/wp-content\/uploads\/2014\/01\/DSCN7034.jpg\" data-rel=\"lightbox-gallery-0\" data-rl_title=\"\" data-rl_caption=\"\" title=\"\"><img loading=\"lazy\" class=\"alignnone wp-image-153 size-medium\" src=\"http:\/\/amelix.de\/wp-content\/uploads\/2014\/01\/DSCN7034-600x450.jpg\" alt=\"Bild: Donau Radweg Passau Wien Fahrrad Amelix\" width=\"600\" height=\"450\" srcset=\"http:\/\/amelix.de\/wp-content\/uploads\/2014\/01\/DSCN7034-600x450.jpg 600w, http:\/\/amelix.de\/wp-content\/uploads\/2014\/01\/DSCN7034-1024x768.jpg 1024w, http:\/\/amelix.de\/wp-content\/uploads\/2014\/01\/DSCN7034.jpg 2048w\" sizes=\"(max-width: 600px) 85vw, 600px\" \/><\/a><\/p>\n<p>&nbsp;<\/p>\n<p>wir hatten dort ein klassisches Zimmer mit Dusche \ud83d\ude42<\/p>\n<p><a  href=\"http:\/\/amelix.de\/wp-content\/uploads\/2014\/01\/DSCN7043.jpg\" data-rel=\"lightbox-gallery-0\" data-rl_title=\"\" data-rl_caption=\"\" title=\"\"><img loading=\"lazy\" class=\"alignnone wp-image-154 size-medium\" src=\"http:\/\/amelix.de\/wp-content\/uploads\/2014\/01\/DSCN7043-600x450.jpg\" alt=\"Bild: Donau Radweg Passau Wien Fahrrad Amelix\" width=\"600\" height=\"450\" srcset=\"http:\/\/amelix.de\/wp-content\/uploads\/2014\/01\/DSCN7043-600x450.jpg 600w, http:\/\/amelix.de\/wp-content\/uploads\/2014\/01\/DSCN7043-1024x768.jpg 1024w, http:\/\/amelix.de\/wp-content\/uploads\/2014\/01\/DSCN7043.jpg 2048w\" sizes=\"(max-width: 600px) 85vw, 600px\" \/><\/a><\/p>\n<p>&nbsp;<\/p>\n<p>und einem zauberhaften mediterran anmutenden Innenhof<\/p>\n<p>&nbsp;<\/p>\n<p><a  href=\"http:\/\/amelix.de\/wp-content\/uploads\/2014\/01\/DSCN7047.jpg\" data-rel=\"lightbox-gallery-0\" data-rl_title=\"\" data-rl_caption=\"\" title=\"\"><img loading=\"lazy\" class=\"alignnone wp-image-155 size-medium\" src=\"http:\/\/amelix.de\/wp-content\/uploads\/2014\/01\/DSCN7047-600x450.jpg\" alt=\"Bild: Donau Radweg Passau Wien Fahrrad Amelix\" width=\"600\" height=\"450\" srcset=\"http:\/\/amelix.de\/wp-content\/uploads\/2014\/01\/DSCN7047-600x450.jpg 600w, http:\/\/amelix.de\/wp-content\/uploads\/2014\/01\/DSCN7047-1024x768.jpg 1024w, http:\/\/amelix.de\/wp-content\/uploads\/2014\/01\/DSCN7047.jpg 2048w\" sizes=\"(max-width: 600px) 85vw, 600px\" \/><\/a><\/p>\n<p>&nbsp;<\/p>\n<p>danach ging es weiter durch die Wachau, ein bekanntes Weinanbaugebiet \u00d6sterreichs<\/p>\n<p><a  href=\"http:\/\/amelix.de\/wp-content\/uploads\/2014\/01\/DSCN7040.jpg\" data-rel=\"lightbox-gallery-0\" data-rl_title=\"\" data-rl_caption=\"\" title=\"\"><img loading=\"lazy\" class=\"alignnone wp-image-156 size-medium\" src=\"http:\/\/amelix.de\/wp-content\/uploads\/2014\/01\/DSCN7040-600x450.jpg\" alt=\"Bild: Donau Radweg Passau Wien Fahrrad Amelix\" width=\"600\" height=\"450\" srcset=\"http:\/\/amelix.de\/wp-content\/uploads\/2014\/01\/DSCN7040-600x450.jpg 600w, http:\/\/amelix.de\/wp-content\/uploads\/2014\/01\/DSCN7040-1024x768.jpg 1024w, http:\/\/amelix.de\/wp-content\/uploads\/2014\/01\/DSCN7040.jpg 2048w\" sizes=\"(max-width: 600px) 85vw, 600px\" \/><\/a><\/p>\n<p>&nbsp;<\/p>\n<p>vorbei am Hundertwasserschiff &#8220; Regentag&#8220; und dem Kriegerbrunnen<\/p>\n<p><a  href=\"http:\/\/amelix.de\/wp-content\/uploads\/2014\/01\/DSCN7049.jpg\" data-rel=\"lightbox-gallery-0\" data-rl_title=\"\" data-rl_caption=\"\" title=\"\"><img loading=\"lazy\" class=\"alignnone wp-image-157 size-medium\" src=\"http:\/\/amelix.de\/wp-content\/uploads\/2014\/01\/DSCN7049-600x450.jpg\" alt=\"Bild: Donau Radweg Passau Wien Fahrrad Amelix\" width=\"600\" height=\"450\" srcset=\"http:\/\/amelix.de\/wp-content\/uploads\/2014\/01\/DSCN7049-600x450.jpg 600w, http:\/\/amelix.de\/wp-content\/uploads\/2014\/01\/DSCN7049-1024x768.jpg 1024w, http:\/\/amelix.de\/wp-content\/uploads\/2014\/01\/DSCN7049.jpg 2048w\" sizes=\"(max-width: 600px) 85vw, 600px\" \/><\/a> <a  href=\"http:\/\/amelix.de\/wp-content\/uploads\/2014\/01\/DSCN7050.jpg\" data-rel=\"lightbox-gallery-0\" data-rl_title=\"\" data-rl_caption=\"\" title=\"\"><img loading=\"lazy\" class=\"alignnone wp-image-158 size-medium\" src=\"http:\/\/amelix.de\/wp-content\/uploads\/2014\/01\/DSCN7050-600x450.jpg\" alt=\"Bild: Donau Radweg Passau Wien Fahrrad Amelix\" width=\"600\" height=\"450\" srcset=\"http:\/\/amelix.de\/wp-content\/uploads\/2014\/01\/DSCN7050-600x450.jpg 600w, http:\/\/amelix.de\/wp-content\/uploads\/2014\/01\/DSCN7050-1024x768.jpg 1024w, http:\/\/amelix.de\/wp-content\/uploads\/2014\/01\/DSCN7050.jpg 2048w\" sizes=\"(max-width: 600px) 85vw, 600px\" \/><\/a><\/p>\n<p>&nbsp;<\/p>\n<p>dann kam die Wiener Stadtgrenze<\/p>\n<p><a  href=\"http:\/\/amelix.de\/wp-content\/uploads\/2014\/01\/DSCN7056.jpg\" data-rel=\"lightbox-gallery-0\" data-rl_title=\"\" data-rl_caption=\"\" title=\"\"><img loading=\"lazy\" class=\"alignnone wp-image-159 size-medium\" src=\"http:\/\/amelix.de\/wp-content\/uploads\/2014\/01\/DSCN7056-600x450.jpg\" alt=\"Bild: Donau Radweg Passau Wien Fahrrad Amelix\" width=\"600\" height=\"450\" srcset=\"http:\/\/amelix.de\/wp-content\/uploads\/2014\/01\/DSCN7056-600x450.jpg 600w, http:\/\/amelix.de\/wp-content\/uploads\/2014\/01\/DSCN7056-1024x768.jpg 1024w, http:\/\/amelix.de\/wp-content\/uploads\/2014\/01\/DSCN7056.jpg 2048w\" sizes=\"(max-width: 600px) 85vw, 600px\" \/><\/a><\/p>\n<p>&nbsp;<\/p>\n<p>es folgte der unglaubliche Prunk in Wien<\/p>\n<p><a  href=\"http:\/\/amelix.de\/wp-content\/uploads\/2014\/01\/DSCN7062.jpg\" data-rel=\"lightbox-gallery-0\" data-rl_title=\"\" data-rl_caption=\"\" title=\"\"><img loading=\"lazy\" class=\"alignnone wp-image-160 size-medium\" src=\"http:\/\/amelix.de\/wp-content\/uploads\/2014\/01\/DSCN7062-600x450.jpg\" alt=\"Bild: Donau Radweg Passau Wien Fahrrad Amelix\" width=\"600\" height=\"450\" srcset=\"http:\/\/amelix.de\/wp-content\/uploads\/2014\/01\/DSCN7062-600x450.jpg 600w, http:\/\/amelix.de\/wp-content\/uploads\/2014\/01\/DSCN7062-1024x768.jpg 1024w, http:\/\/amelix.de\/wp-content\/uploads\/2014\/01\/DSCN7062.jpg 2048w\" sizes=\"(max-width: 600px) 85vw, 600px\" \/><\/a><\/p>\n<p>&nbsp;<\/p>\n<p><a  href=\"http:\/\/amelix.de\/wp-content\/uploads\/2014\/01\/DSCN7087.jpg\" data-rel=\"lightbox-gallery-0\" data-rl_title=\"\" data-rl_caption=\"\" title=\"\"><img loading=\"lazy\" class=\"alignnone wp-image-162 size-medium\" src=\"http:\/\/amelix.de\/wp-content\/uploads\/2014\/01\/DSCN7087-600x450.jpg\" alt=\"Bild: Donau Radweg Passau Wien Fahrrad Amelix\" width=\"600\" height=\"450\" srcset=\"http:\/\/amelix.de\/wp-content\/uploads\/2014\/01\/DSCN7087-600x450.jpg 600w, http:\/\/amelix.de\/wp-content\/uploads\/2014\/01\/DSCN7087-1024x768.jpg 1024w, http:\/\/amelix.de\/wp-content\/uploads\/2014\/01\/DSCN7087.jpg 2048w\" sizes=\"(max-width: 600px) 85vw, 600px\" \/><\/a><\/p>\n<p>&nbsp;<\/p>\n<p>nach Wien ging es mit der Bahn in diesem,einem Viehtransport \u00e4hnelnden ,Waggon zur\u00fcck nach Passau<\/p>\n<p><a  href=\"http:\/\/amelix.de\/wp-content\/uploads\/2014\/01\/DSCN7069.jpg\" data-rel=\"lightbox-gallery-0\" data-rl_title=\"\" data-rl_caption=\"\" title=\"\"><img loading=\"lazy\" class=\"alignnone wp-image-163 size-medium\" src=\"http:\/\/amelix.de\/wp-content\/uploads\/2014\/01\/DSCN7069-600x450.jpg\" alt=\"Bild: Donau Radweg Passau Wien Fahrrad Amelix\" width=\"600\" height=\"450\" srcset=\"http:\/\/amelix.de\/wp-content\/uploads\/2014\/01\/DSCN7069-600x450.jpg 600w, http:\/\/amelix.de\/wp-content\/uploads\/2014\/01\/DSCN7069-1024x768.jpg 1024w, http:\/\/amelix.de\/wp-content\/uploads\/2014\/01\/DSCN7069.jpg 2048w\" sizes=\"(max-width: 600px) 85vw, 600px\" \/><\/a><\/p>\n<p>&nbsp;<\/p>\n<p>wo uns Sonne erwartete<\/p>\n<p><a  href=\"http:\/\/amelix.de\/wp-content\/uploads\/2014\/01\/DSCN7072.jpg\" data-rel=\"lightbox-gallery-0\" data-rl_title=\"\" data-rl_caption=\"\" title=\"\"><img loading=\"lazy\" class=\"alignnone wp-image-164 size-medium\" src=\"http:\/\/amelix.de\/wp-content\/uploads\/2014\/01\/DSCN7072-600x450.jpg\" alt=\"Bild: Donau Radweg Passau Wien Fahrrad Amelix\" width=\"600\" height=\"450\" srcset=\"http:\/\/amelix.de\/wp-content\/uploads\/2014\/01\/DSCN7072-600x450.jpg 600w, http:\/\/amelix.de\/wp-content\/uploads\/2014\/01\/DSCN7072-1024x768.jpg 1024w, http:\/\/amelix.de\/wp-content\/uploads\/2014\/01\/DSCN7072.jpg 2048w\" sizes=\"(max-width: 600px) 85vw, 600px\" \/><\/a><\/p>\n<p>&nbsp;<\/p>\n<p>&#8230;die R\u00fcckfahrt&#8230;.<\/p>\n<p><a  href=\"http:\/\/amelix.de\/wp-content\/uploads\/2014\/01\/DSCN7093.jpg\" data-rel=\"lightbox-gallery-0\" data-rl_title=\"\" data-rl_caption=\"\" title=\"\"><img loading=\"lazy\" class=\"alignnone wp-image-165 size-medium\" src=\"http:\/\/amelix.de\/wp-content\/uploads\/2014\/01\/DSCN7093-600x450.jpg\" alt=\"Bild: Donau Radweg Passau Wien Fahrrad Amelix\" width=\"600\" height=\"450\" srcset=\"http:\/\/amelix.de\/wp-content\/uploads\/2014\/01\/DSCN7093-600x450.jpg 600w, http:\/\/amelix.de\/wp-content\/uploads\/2014\/01\/DSCN7093-1024x768.jpg 1024w, http:\/\/amelix.de\/wp-content\/uploads\/2014\/01\/DSCN7093.jpg 2048w\" sizes=\"(max-width: 600px) 85vw, 600px\" \/><\/a><\/p>\n","protected":false},"excerpt":{"rendered":"<p>Diese Radtour ist wie eine \u00a07-spurige Autobahn. Gut asphaltiert und gut gepflegt. Und fast durchgehend R\u00fcckenwind. Und die Beschilderung war so gut, dass\u00a0man auch ohne Karte oder GPS prima zurecht kommen konnte. Es waren vom Rennrad \u00fcbers Mountainbike bis zu Trekkingr\u00e4dern , alles dort unterwegs.Ein grosser Teil der Strecke f\u00fchrte sehr nahe an der Donau &hellip; <a href=\"http:\/\/amelix.de\/?page_id=144\" class=\"more-link\"><span class=\"screen-reader-text\">\u201eFahrradtour Donauradweg  Passau Wien September 2005\u201c<\/span> weiterlesen<\/a><\/p>\n","protected":false},"author":2,"featured_media":0,"parent":206,"menu_order":0,"comment_status":"open","ping_status":"closed","template":"","meta":[],"yoast_head":"<!-- This site is optimized with the Yoast SEO plugin v19.10 - https:\/\/yoast.com\/wordpress\/plugins\/seo\/ -->\n<title>Fahrradtour Donauradweg Passau Wien September 2005 - Amelix<\/title>\n<meta name=\"robots\" content=\"index, follow, max-snippet:-1, max-image-preview:large, max-video-preview:-1\" \/>\n<link rel=\"canonical\" href=\"http:\/\/amelix.de\/?page_id=144\" \/>\n<meta property=\"og:locale\" content=\"de_DE\" \/>\n<meta property=\"og:type\" content=\"article\" \/>\n<meta property=\"og:title\" content=\"Fahrradtour Donauradweg Passau Wien September 2005 - Amelix\" \/>\n<meta property=\"og:description\" content=\"Diese Radtour ist wie eine \u00a07-spurige Autobahn. Gut asphaltiert und gut gepflegt. Und fast durchgehend R\u00fcckenwind. Und die Beschilderung war so gut, dass\u00a0man auch ohne Karte oder GPS prima zurecht kommen konnte. Es waren vom Rennrad \u00fcbers Mountainbike bis zu Trekkingr\u00e4dern , alles dort unterwegs.Ein grosser Teil der Strecke f\u00fchrte sehr nahe an der Donau &hellip; \u201eFahrradtour Donauradweg Passau Wien September 2005\u201c weiterlesen\" \/>\n<meta property=\"og:url\" content=\"http:\/\/amelix.de\/?page_id=144\" \/>\n<meta property=\"og:site_name\" content=\"Amelix\" \/>\n<meta property=\"article:modified_time\" content=\"2016-12-18T19:29:36+00:00\" \/>\n<meta property=\"og:image\" content=\"http:\/\/amelix.de\/wp-content\/uploads\/2014\/01\/DSCN7014-600x450.jpg\" \/>\n<meta name=\"twitter:label1\" content=\"Gesch\u00e4tzte Lesezeit\" \/>\n\t<meta name=\"twitter:data1\" content=\"1\u00a0Minute\" \/>\n<script type=\"application\/ld+json\" class=\"yoast-schema-graph\">{\"@context\":\"https:\/\/schema.org\",\"@graph\":[{\"@type\":\"WebPage\",\"@id\":\"http:\/\/amelix.de\/?page_id=144\",\"url\":\"http:\/\/amelix.de\/?page_id=144\",\"name\":\"Fahrradtour Donauradweg Passau Wien September 2005 - Amelix\",\"isPartOf\":{\"@id\":\"http:\/\/amelix.de\/#website\"},\"datePublished\":\"2014-01-31T21:18:02+00:00\",\"dateModified\":\"2016-12-18T19:29:36+00:00\",\"breadcrumb\":{\"@id\":\"http:\/\/amelix.de\/?page_id=144#breadcrumb\"},\"inLanguage\":\"de\",\"potentialAction\":[{\"@type\":\"ReadAction\",\"target\":[\"http:\/\/amelix.de\/?page_id=144\"]}]},{\"@type\":\"BreadcrumbList\",\"@id\":\"http:\/\/amelix.de\/?page_id=144#breadcrumb\",\"itemListElement\":[{\"@type\":\"ListItem\",\"position\":1,\"name\":\"Home\",\"item\":\"http:\/\/amelix.de\/\"},{\"@type\":\"ListItem\",\"position\":2,\"name\":\"Unsere Fahrradtouren\",\"item\":\"http:\/\/amelix.de\/?page_id=206\"},{\"@type\":\"ListItem\",\"position\":3,\"name\":\"Fahrradtour Donauradweg Passau Wien September 2005\"}]},{\"@type\":\"WebSite\",\"@id\":\"http:\/\/amelix.de\/#website\",\"url\":\"http:\/\/amelix.de\/\",\"name\":\"Amelix\",\"description\":\"Fahrradfahr-Blog f\u00fcr Best-Ager\",\"potentialAction\":[{\"@type\":\"SearchAction\",\"target\":{\"@type\":\"EntryPoint\",\"urlTemplate\":\"http:\/\/amelix.de\/?s={search_term_string}\"},\"query-input\":\"required name=search_term_string\"}],\"inLanguage\":\"de\"}]}<\/script>\n<!-- \/ Yoast SEO plugin. -->","yoast_head_json":{"title":"Fahrradtour Donauradweg Passau Wien September 2005 - Amelix","robots":{"index":"index","follow":"follow","max-snippet":"max-snippet:-1","max-image-preview":"max-image-preview:large","max-video-preview":"max-video-preview:-1"},"canonical":"http:\/\/amelix.de\/?page_id=144","og_locale":"de_DE","og_type":"article","og_title":"Fahrradtour Donauradweg Passau Wien September 2005 - Amelix","og_description":"Diese Radtour ist wie eine \u00a07-spurige Autobahn. Gut asphaltiert und gut gepflegt. Und fast durchgehend R\u00fcckenwind. Und die Beschilderung war so gut, dass\u00a0man auch ohne Karte oder GPS prima zurecht kommen konnte. Es waren vom Rennrad \u00fcbers Mountainbike bis zu Trekkingr\u00e4dern , alles dort unterwegs.Ein grosser Teil der Strecke f\u00fchrte sehr nahe an der Donau &hellip; \u201eFahrradtour Donauradweg Passau Wien September 2005\u201c weiterlesen","og_url":"http:\/\/amelix.de\/?page_id=144","og_site_name":"Amelix","article_modified_time":"2016-12-18T19:29:36+00:00","og_image":[{"url":"http:\/\/amelix.de\/wp-content\/uploads\/2014\/01\/DSCN7014-600x450.jpg"}],"twitter_misc":{"Gesch\u00e4tzte Lesezeit":"1\u00a0Minute"},"schema":{"@context":"https:\/\/schema.org","@graph":[{"@type":"WebPage","@id":"http:\/\/amelix.de\/?page_id=144","url":"http:\/\/amelix.de\/?page_id=144","name":"Fahrradtour Donauradweg Passau Wien September 2005 - Amelix","isPartOf":{"@id":"http:\/\/amelix.de\/#website"},"datePublished":"2014-01-31T21:18:02+00:00","dateModified":"2016-12-18T19:29:36+00:00","breadcrumb":{"@id":"http:\/\/amelix.de\/?page_id=144#breadcrumb"},"inLanguage":"de","potentialAction":[{"@type":"ReadAction","target":["http:\/\/amelix.de\/?page_id=144"]}]},{"@type":"BreadcrumbList","@id":"http:\/\/amelix.de\/?page_id=144#breadcrumb","itemListElement":[{"@type":"ListItem","position":1,"name":"Home","item":"http:\/\/amelix.de\/"},{"@type":"ListItem","position":2,"name":"Unsere Fahrradtouren","item":"http:\/\/amelix.de\/?page_id=206"},{"@type":"ListItem","position":3,"name":"Fahrradtour Donauradweg Passau Wien September 2005"}]},{"@type":"WebSite","@id":"http:\/\/amelix.de\/#website","url":"http:\/\/amelix.de\/","name":"Amelix","description":"Fahrradfahr-Blog f\u00fcr Best-Ager","potentialAction":[{"@type":"SearchAction","target":{"@type":"EntryPoint","urlTemplate":"http:\/\/amelix.de\/?s={search_term_string}"},"query-input":"required name=search_term_string"}],"inLanguage":"de"}]}},"_links":{"self":[{"href":"http:\/\/amelix.de\/index.php?rest_route=\/wp\/v2\/pages\/144"}],"collection":[{"href":"http:\/\/amelix.de\/index.php?rest_route=\/wp\/v2\/pages"}],"about":[{"href":"http:\/\/amelix.de\/index.php?rest_route=\/wp\/v2\/types\/page"}],"author":[{"embeddable":true,"href":"http:\/\/amelix.de\/index.php?rest_route=\/wp\/v2\/users\/2"}],"replies":[{"embeddable":true,"href":"http:\/\/amelix.de\/index.php?rest_route=%2Fwp%2Fv2%2Fcomments&post=144"}],"version-history":[{"count":7,"href":"http:\/\/amelix.de\/index.php?rest_route=\/wp\/v2\/pages\/144\/revisions"}],"predecessor-version":[{"id":900,"href":"http:\/\/amelix.de\/index.php?rest_route=\/wp\/v2\/pages\/144\/revisions\/900"}],"up":[{"embeddable":true,"href":"http:\/\/amelix.de\/index.php?rest_route=\/wp\/v2\/pages\/206"}],"wp:attachment":[{"href":"http:\/\/amelix.de\/index.php?rest_route=%2Fwp%2Fv2%2Fmedia&parent=144"}],"curies":[{"name":"wp","href":"https:\/\/api.w.org\/{rel}","templated":true}]}}