{"id":1460,"date":"2020-12-28T16:02:49","date_gmt":"2020-12-28T15:02:49","guid":{"rendered":"http:\/\/amelix.de\/?page_id=1460"},"modified":"2020-12-28T16:23:06","modified_gmt":"2020-12-28T15:23:06","slug":"sturmrunde-vor-dem-grossen-regen","status":"publish","type":"page","link":"http:\/\/amelix.de\/?page_id=1460","title":{"rendered":"Sturmrunde vor dem gro\u00dfen Regen"},"content":{"rendered":"<p>Da es heute schon von fr\u00fch an regnete und auch sehr windiges Wetter angesagt war, hie\u00df unser Bewegungsprogramm f\u00fcr heute &#8220; z\u00fcgig spazieren gehen&#8220;, bevor der Sturm ankam.<\/p>\n<p>&nbsp;<\/p>\n<p style=\"text-align: center;\"><iframe loading=\"lazy\" src=\"https:\/\/www.komoot.de\/tour\/297883454\/embed?profile=1\" width=\"100%\" height=\"680\" frameborder=\"0\" scrolling=\"no\"><\/iframe><\/p>\n<p>&nbsp;<\/p>\n<p><img loading=\"lazy\" class=\"aligncenter wp-image-1473 size-medium\" src=\"http:\/\/amelix.de\/wp-content\/uploads\/2020\/12\/Snapseed-19-600x565.jpeg\" alt=\"\" width=\"600\" height=\"565\" srcset=\"http:\/\/amelix.de\/wp-content\/uploads\/2020\/12\/Snapseed-19-600x565.jpeg 600w, http:\/\/amelix.de\/wp-content\/uploads\/2020\/12\/Snapseed-19-1024x965.jpeg 1024w, http:\/\/amelix.de\/wp-content\/uploads\/2020\/12\/Snapseed-19-768x724.jpeg 768w, http:\/\/amelix.de\/wp-content\/uploads\/2020\/12\/Snapseed-19-1536x1448.jpeg 1536w, http:\/\/amelix.de\/wp-content\/uploads\/2020\/12\/Snapseed-19-2048x1930.jpeg 2048w, http:\/\/amelix.de\/wp-content\/uploads\/2020\/12\/Snapseed-19-1200x1131.jpeg 1200w\" sizes=\"(max-width: 600px) 85vw, 600px\" \/><\/p>\n","protected":false},"excerpt":{"rendered":"<p>Da es heute schon von fr\u00fch an regnete und auch sehr windiges Wetter angesagt war, hie\u00df unser Bewegungsprogramm f\u00fcr heute &#8220; z\u00fcgig spazieren gehen&#8220;, bevor der Sturm ankam. &nbsp; &nbsp;<\/p>\n","protected":false},"author":2,"featured_media":0,"parent":0,"menu_order":0,"comment_status":"closed","ping_status":"closed","template":"","meta":[],"yoast_head":"<!-- This site is optimized with the Yoast SEO plugin v19.10 - https:\/\/yoast.com\/wordpress\/plugins\/seo\/ -->\n<title>Sturmrunde vor dem gro\u00dfen Regen - Amelix<\/title>\n<meta name=\"robots\" content=\"index, follow, max-snippet:-1, max-image-preview:large, max-video-preview:-1\" \/>\n<link rel=\"canonical\" href=\"http:\/\/amelix.de\/?page_id=1460\" \/>\n<meta property=\"og:locale\" content=\"de_DE\" \/>\n<meta property=\"og:type\" content=\"article\" \/>\n<meta property=\"og:title\" content=\"Sturmrunde vor dem gro\u00dfen Regen - Amelix\" \/>\n<meta property=\"og:description\" content=\"Da es heute schon von fr\u00fch an regnete und auch sehr windiges Wetter angesagt war, hie\u00df unser Bewegungsprogramm f\u00fcr heute &#8220; z\u00fcgig spazieren gehen&#8220;, bevor der Sturm ankam. &nbsp; &nbsp;\" \/>\n<meta property=\"og:url\" content=\"http:\/\/amelix.de\/?page_id=1460\" \/>\n<meta property=\"og:site_name\" content=\"Amelix\" \/>\n<meta property=\"article:modified_time\" content=\"2020-12-28T15:23:06+00:00\" \/>\n<meta property=\"og:image\" content=\"http:\/\/amelix.de\/wp-content\/uploads\/2020\/12\/Snapseed-19-600x565.jpeg\" \/>\n<script type=\"application\/ld+json\" class=\"yoast-schema-graph\">{\"@context\":\"https:\/\/schema.org\",\"@graph\":[{\"@type\":\"WebPage\",\"@id\":\"http:\/\/amelix.de\/?page_id=1460\",\"url\":\"http:\/\/amelix.de\/?page_id=1460\",\"name\":\"Sturmrunde vor dem gro\u00dfen Regen - Amelix\",\"isPartOf\":{\"@id\":\"http:\/\/amelix.de\/#website\"},\"datePublished\":\"2020-12-28T15:02:49+00:00\",\"dateModified\":\"2020-12-28T15:23:06+00:00\",\"breadcrumb\":{\"@id\":\"http:\/\/amelix.de\/?page_id=1460#breadcrumb\"},\"inLanguage\":\"de\",\"potentialAction\":[{\"@type\":\"ReadAction\",\"target\":[\"http:\/\/amelix.de\/?page_id=1460\"]}]},{\"@type\":\"BreadcrumbList\",\"@id\":\"http:\/\/amelix.de\/?page_id=1460#breadcrumb\",\"itemListElement\":[{\"@type\":\"ListItem\",\"position\":1,\"name\":\"Home\",\"item\":\"http:\/\/amelix.de\/\"},{\"@type\":\"ListItem\",\"position\":2,\"name\":\"Sturmrunde vor dem gro\u00dfen Regen\"}]},{\"@type\":\"WebSite\",\"@id\":\"http:\/\/amelix.de\/#website\",\"url\":\"http:\/\/amelix.de\/\",\"name\":\"Amelix\",\"description\":\"Fahrradfahr-Blog f\u00fcr Best-Ager\",\"potentialAction\":[{\"@type\":\"SearchAction\",\"target\":{\"@type\":\"EntryPoint\",\"urlTemplate\":\"http:\/\/amelix.de\/?s={search_term_string}\"},\"query-input\":\"required name=search_term_string\"}],\"inLanguage\":\"de\"}]}<\/script>\n<!-- \/ Yoast SEO plugin. -->","yoast_head_json":{"title":"Sturmrunde vor dem gro\u00dfen Regen - Amelix","robots":{"index":"index","follow":"follow","max-snippet":"max-snippet:-1","max-image-preview":"max-image-preview:large","max-video-preview":"max-video-preview:-1"},"canonical":"http:\/\/amelix.de\/?page_id=1460","og_locale":"de_DE","og_type":"article","og_title":"Sturmrunde vor dem gro\u00dfen Regen - Amelix","og_description":"Da es heute schon von fr\u00fch an regnete und auch sehr windiges Wetter angesagt war, hie\u00df unser Bewegungsprogramm f\u00fcr heute &#8220; z\u00fcgig spazieren gehen&#8220;, bevor der Sturm ankam. &nbsp; &nbsp;","og_url":"http:\/\/amelix.de\/?page_id=1460","og_site_name":"Amelix","article_modified_time":"2020-12-28T15:23:06+00:00","og_image":[{"url":"http:\/\/amelix.de\/wp-content\/uploads\/2020\/12\/Snapseed-19-600x565.jpeg"}],"schema":{"@context":"https:\/\/schema.org","@graph":[{"@type":"WebPage","@id":"http:\/\/amelix.de\/?page_id=1460","url":"http:\/\/amelix.de\/?page_id=1460","name":"Sturmrunde vor dem gro\u00dfen Regen - Amelix","isPartOf":{"@id":"http:\/\/amelix.de\/#website"},"datePublished":"2020-12-28T15:02:49+00:00","dateModified":"2020-12-28T15:23:06+00:00","breadcrumb":{"@id":"http:\/\/amelix.de\/?page_id=1460#breadcrumb"},"inLanguage":"de","potentialAction":[{"@type":"ReadAction","target":["http:\/\/amelix.de\/?page_id=1460"]}]},{"@type":"BreadcrumbList","@id":"http:\/\/amelix.de\/?page_id=1460#breadcrumb","itemListElement":[{"@type":"ListItem","position":1,"name":"Home","item":"http:\/\/amelix.de\/"},{"@type":"ListItem","position":2,"name":"Sturmrunde vor dem gro\u00dfen Regen"}]},{"@type":"WebSite","@id":"http:\/\/amelix.de\/#website","url":"http:\/\/amelix.de\/","name":"Amelix","description":"Fahrradfahr-Blog f\u00fcr Best-Ager","potentialAction":[{"@type":"SearchAction","target":{"@type":"EntryPoint","urlTemplate":"http:\/\/amelix.de\/?s={search_term_string}"},"query-input":"required name=search_term_string"}],"inLanguage":"de"}]}},"_links":{"self":[{"href":"http:\/\/amelix.de\/index.php?rest_route=\/wp\/v2\/pages\/1460"}],"collection":[{"href":"http:\/\/amelix.de\/index.php?rest_route=\/wp\/v2\/pages"}],"about":[{"href":"http:\/\/amelix.de\/index.php?rest_route=\/wp\/v2\/types\/page"}],"author":[{"embeddable":true,"href":"http:\/\/amelix.de\/index.php?rest_route=\/wp\/v2\/users\/2"}],"replies":[{"embeddable":true,"href":"http:\/\/amelix.de\/index.php?rest_route=%2Fwp%2Fv2%2Fcomments&post=1460"}],"version-history":[{"count":6,"href":"http:\/\/amelix.de\/index.php?rest_route=\/wp\/v2\/pages\/1460\/revisions"}],"predecessor-version":[{"id":1476,"href":"http:\/\/amelix.de\/index.php?rest_route=\/wp\/v2\/pages\/1460\/revisions\/1476"}],"wp:attachment":[{"href":"http:\/\/amelix.de\/index.php?rest_route=%2Fwp%2Fv2%2Fmedia&parent=1460"}],"curies":[{"name":"wp","href":"https:\/\/api.w.org\/{rel}","templated":true}]}}