{"id":1519,"date":"2021-01-20T16:57:03","date_gmt":"2021-01-20T15:57:03","guid":{"rendered":"http:\/\/amelix.de\/?page_id=1519"},"modified":"2021-01-20T16:57:03","modified_gmt":"2021-01-20T15:57:03","slug":"schneefall-fototour","status":"publish","type":"page","link":"http:\/\/amelix.de\/?page_id=1519","title":{"rendered":"Schneefall-Fototour"},"content":{"rendered":"<p>Schneefall im &#8222;Davertdorf&#8220; M\u00fcnster Amelsb\u00fcren ist schon etwas Besonderes. Es ist sehr selten und der Schnee bleibt auch nicht lange liegen. Genau deswegen bin ich mit der Kamera fr\u00fch losgelaufen und hatte tats\u00e4chlich das Gl\u00fcck, dicke Flocken und knirschenden Schnee zu erleben.<\/p>\n<figure id=\"attachment_1522\" aria-describedby=\"caption-attachment-1522\" style=\"width: 840px\" class=\"wp-caption alignnone\"><img loading=\"lazy\" class=\"wp-image-1522 size-large\" src=\"http:\/\/amelix.de\/wp-content\/uploads\/2021\/01\/0019669-1024x700.jpeg\" alt=\"\" width=\"840\" height=\"574\" srcset=\"http:\/\/amelix.de\/wp-content\/uploads\/2021\/01\/0019669-1024x700.jpeg 1024w, http:\/\/amelix.de\/wp-content\/uploads\/2021\/01\/0019669-600x410.jpeg 600w, http:\/\/amelix.de\/wp-content\/uploads\/2021\/01\/0019669-768x525.jpeg 768w, http:\/\/amelix.de\/wp-content\/uploads\/2021\/01\/0019669-1536x1050.jpeg 1536w, http:\/\/amelix.de\/wp-content\/uploads\/2021\/01\/0019669-2048x1400.jpeg 2048w, http:\/\/amelix.de\/wp-content\/uploads\/2021\/01\/0019669-1200x820.jpeg 1200w\" sizes=\"(max-width: 709px) 85vw, (max-width: 909px) 67vw, (max-width: 1362px) 62vw, 840px\" \/><figcaption id=\"caption-attachment-1522\" class=\"wp-caption-text\">Das Davertdorf<\/figcaption><\/figure>\n<figure id=\"attachment_1523\" aria-describedby=\"caption-attachment-1523\" style=\"width: 678px\" class=\"wp-caption alignnone\"><img loading=\"lazy\" class=\"wp-image-1523 size-large\" src=\"http:\/\/amelix.de\/wp-content\/uploads\/2021\/01\/0019659-678x1024.jpeg\" alt=\"\" width=\"678\" height=\"1024\" srcset=\"http:\/\/amelix.de\/wp-content\/uploads\/2021\/01\/0019659-678x1024.jpeg 678w, http:\/\/amelix.de\/wp-content\/uploads\/2021\/01\/0019659-397x600.jpeg 397w, http:\/\/amelix.de\/wp-content\/uploads\/2021\/01\/0019659-768x1160.jpeg 768w, http:\/\/amelix.de\/wp-content\/uploads\/2021\/01\/0019659-1017x1536.jpeg 1017w, http:\/\/amelix.de\/wp-content\/uploads\/2021\/01\/0019659-1356x2048.jpeg 1356w, http:\/\/amelix.de\/wp-content\/uploads\/2021\/01\/0019659-1200x1812.jpeg 1200w, http:\/\/amelix.de\/wp-content\/uploads\/2021\/01\/0019659-scaled.jpeg 1696w\" sizes=\"(max-width: 678px) 85vw, 678px\" \/><figcaption id=\"caption-attachment-1523\" class=\"wp-caption-text\">Schnee auch am Dorfbach<\/figcaption><\/figure>\n<figure id=\"attachment_1525\" aria-describedby=\"caption-attachment-1525\" style=\"width: 840px\" class=\"wp-caption alignnone\"><img loading=\"lazy\" class=\"wp-image-1525 size-large\" src=\"http:\/\/amelix.de\/wp-content\/uploads\/2021\/01\/0019707-1024x678.jpeg\" alt=\"\" width=\"840\" height=\"556\" srcset=\"http:\/\/amelix.de\/wp-content\/uploads\/2021\/01\/0019707-1024x678.jpeg 1024w, http:\/\/amelix.de\/wp-content\/uploads\/2021\/01\/0019707-600x397.jpeg 600w, http:\/\/amelix.de\/wp-content\/uploads\/2021\/01\/0019707-768x509.jpeg 768w, http:\/\/amelix.de\/wp-content\/uploads\/2021\/01\/0019707-1536x1017.jpeg 1536w, http:\/\/amelix.de\/wp-content\/uploads\/2021\/01\/0019707-2048x1356.jpeg 2048w, http:\/\/amelix.de\/wp-content\/uploads\/2021\/01\/0019707-1200x795.jpeg 1200w\" sizes=\"(max-width: 709px) 85vw, (max-width: 909px) 67vw, (max-width: 1362px) 62vw, 840px\" \/><figcaption id=\"caption-attachment-1525\" class=\"wp-caption-text\">Dortmund-Ems-Kanal<\/figcaption><\/figure>\n<p style=\"text-align: center;\"><iframe loading=\"lazy\" src=\"https:\/\/www.komoot.de\/tour\/306210346\/embed?profile=1\" width=\"100%\" height=\"680\" frameborder=\"0\" scrolling=\"no\"><\/iframe><\/p>\n","protected":false},"excerpt":{"rendered":"<p>Schneefall im &#8222;Davertdorf&#8220; M\u00fcnster Amelsb\u00fcren ist schon etwas Besonderes. Es ist sehr selten und der Schnee bleibt auch nicht lange liegen. Genau deswegen bin ich mit der Kamera fr\u00fch losgelaufen und hatte tats\u00e4chlich das Gl\u00fcck, dicke Flocken und knirschenden Schnee zu erleben.<\/p>\n","protected":false},"author":2,"featured_media":0,"parent":0,"menu_order":0,"comment_status":"closed","ping_status":"closed","template":"","meta":[],"yoast_head":"<!-- This site is optimized with the Yoast SEO plugin v19.10 - https:\/\/yoast.com\/wordpress\/plugins\/seo\/ -->\n<title>Schneefall-Fototour - Amelix<\/title>\n<meta name=\"robots\" content=\"index, follow, max-snippet:-1, max-image-preview:large, max-video-preview:-1\" \/>\n<link rel=\"canonical\" href=\"http:\/\/amelix.de\/?page_id=1519\" \/>\n<meta property=\"og:locale\" content=\"de_DE\" \/>\n<meta property=\"og:type\" content=\"article\" \/>\n<meta property=\"og:title\" content=\"Schneefall-Fototour - Amelix\" \/>\n<meta property=\"og:description\" content=\"Schneefall im &#8222;Davertdorf&#8220; M\u00fcnster Amelsb\u00fcren ist schon etwas Besonderes. Es ist sehr selten und der Schnee bleibt auch nicht lange liegen. Genau deswegen bin ich mit der Kamera fr\u00fch losgelaufen und hatte tats\u00e4chlich das Gl\u00fcck, dicke Flocken und knirschenden Schnee zu erleben.\" \/>\n<meta property=\"og:url\" content=\"http:\/\/amelix.de\/?page_id=1519\" \/>\n<meta property=\"og:site_name\" content=\"Amelix\" \/>\n<meta property=\"og:image\" content=\"http:\/\/amelix.de\/wp-content\/uploads\/2021\/01\/0019669-1024x700.jpeg\" \/>\n<meta name=\"twitter:label1\" content=\"Gesch\u00e4tzte Lesezeit\" \/>\n\t<meta name=\"twitter:data1\" content=\"1\u00a0Minute\" \/>\n<script type=\"application\/ld+json\" class=\"yoast-schema-graph\">{\"@context\":\"https:\/\/schema.org\",\"@graph\":[{\"@type\":\"WebPage\",\"@id\":\"http:\/\/amelix.de\/?page_id=1519\",\"url\":\"http:\/\/amelix.de\/?page_id=1519\",\"name\":\"Schneefall-Fototour - Amelix\",\"isPartOf\":{\"@id\":\"http:\/\/amelix.de\/#website\"},\"datePublished\":\"2021-01-20T15:57:03+00:00\",\"dateModified\":\"2021-01-20T15:57:03+00:00\",\"breadcrumb\":{\"@id\":\"http:\/\/amelix.de\/?page_id=1519#breadcrumb\"},\"inLanguage\":\"de\",\"potentialAction\":[{\"@type\":\"ReadAction\",\"target\":[\"http:\/\/amelix.de\/?page_id=1519\"]}]},{\"@type\":\"BreadcrumbList\",\"@id\":\"http:\/\/amelix.de\/?page_id=1519#breadcrumb\",\"itemListElement\":[{\"@type\":\"ListItem\",\"position\":1,\"name\":\"Home\",\"item\":\"http:\/\/amelix.de\/\"},{\"@type\":\"ListItem\",\"position\":2,\"name\":\"Schneefall-Fototour\"}]},{\"@type\":\"WebSite\",\"@id\":\"http:\/\/amelix.de\/#website\",\"url\":\"http:\/\/amelix.de\/\",\"name\":\"Amelix\",\"description\":\"Fahrradfahr-Blog f\u00fcr Best-Ager\",\"potentialAction\":[{\"@type\":\"SearchAction\",\"target\":{\"@type\":\"EntryPoint\",\"urlTemplate\":\"http:\/\/amelix.de\/?s={search_term_string}\"},\"query-input\":\"required name=search_term_string\"}],\"inLanguage\":\"de\"}]}<\/script>\n<!-- \/ Yoast SEO plugin. -->","yoast_head_json":{"title":"Schneefall-Fototour - Amelix","robots":{"index":"index","follow":"follow","max-snippet":"max-snippet:-1","max-image-preview":"max-image-preview:large","max-video-preview":"max-video-preview:-1"},"canonical":"http:\/\/amelix.de\/?page_id=1519","og_locale":"de_DE","og_type":"article","og_title":"Schneefall-Fototour - Amelix","og_description":"Schneefall im &#8222;Davertdorf&#8220; M\u00fcnster Amelsb\u00fcren ist schon etwas Besonderes. Es ist sehr selten und der Schnee bleibt auch nicht lange liegen. Genau deswegen bin ich mit der Kamera fr\u00fch losgelaufen und hatte tats\u00e4chlich das Gl\u00fcck, dicke Flocken und knirschenden Schnee zu erleben.","og_url":"http:\/\/amelix.de\/?page_id=1519","og_site_name":"Amelix","og_image":[{"url":"http:\/\/amelix.de\/wp-content\/uploads\/2021\/01\/0019669-1024x700.jpeg"}],"twitter_misc":{"Gesch\u00e4tzte Lesezeit":"1\u00a0Minute"},"schema":{"@context":"https:\/\/schema.org","@graph":[{"@type":"WebPage","@id":"http:\/\/amelix.de\/?page_id=1519","url":"http:\/\/amelix.de\/?page_id=1519","name":"Schneefall-Fototour - Amelix","isPartOf":{"@id":"http:\/\/amelix.de\/#website"},"datePublished":"2021-01-20T15:57:03+00:00","dateModified":"2021-01-20T15:57:03+00:00","breadcrumb":{"@id":"http:\/\/amelix.de\/?page_id=1519#breadcrumb"},"inLanguage":"de","potentialAction":[{"@type":"ReadAction","target":["http:\/\/amelix.de\/?page_id=1519"]}]},{"@type":"BreadcrumbList","@id":"http:\/\/amelix.de\/?page_id=1519#breadcrumb","itemListElement":[{"@type":"ListItem","position":1,"name":"Home","item":"http:\/\/amelix.de\/"},{"@type":"ListItem","position":2,"name":"Schneefall-Fototour"}]},{"@type":"WebSite","@id":"http:\/\/amelix.de\/#website","url":"http:\/\/amelix.de\/","name":"Amelix","description":"Fahrradfahr-Blog f\u00fcr Best-Ager","potentialAction":[{"@type":"SearchAction","target":{"@type":"EntryPoint","urlTemplate":"http:\/\/amelix.de\/?s={search_term_string}"},"query-input":"required name=search_term_string"}],"inLanguage":"de"}]}},"_links":{"self":[{"href":"http:\/\/amelix.de\/index.php?rest_route=\/wp\/v2\/pages\/1519"}],"collection":[{"href":"http:\/\/amelix.de\/index.php?rest_route=\/wp\/v2\/pages"}],"about":[{"href":"http:\/\/amelix.de\/index.php?rest_route=\/wp\/v2\/types\/page"}],"author":[{"embeddable":true,"href":"http:\/\/amelix.de\/index.php?rest_route=\/wp\/v2\/users\/2"}],"replies":[{"embeddable":true,"href":"http:\/\/amelix.de\/index.php?rest_route=%2Fwp%2Fv2%2Fcomments&post=1519"}],"version-history":[{"count":3,"href":"http:\/\/amelix.de\/index.php?rest_route=\/wp\/v2\/pages\/1519\/revisions"}],"predecessor-version":[{"id":1527,"href":"http:\/\/amelix.de\/index.php?rest_route=\/wp\/v2\/pages\/1519\/revisions\/1527"}],"wp:attachment":[{"href":"http:\/\/amelix.de\/index.php?rest_route=%2Fwp%2Fv2%2Fmedia&parent=1519"}],"curies":[{"name":"wp","href":"https:\/\/api.w.org\/{rel}","templated":true}]}}

<p>Schneefall im &#8222;Davertdorf&#8220; Münster Amelsbüren ist schon etwas Besonderes. Es ist sehr selten und der Schnee bleibt auch nicht lange liegen. Genau deswegen bin ich mit der Kamera früh losgelaufen und hatte tatsächlich das Glück, dicke Flocken und knirschenden Schnee zu erleben.</p>
<figure id="attachment_1522" aria-describedby="caption-attachment-1522" style="width: 840px" class="wp-caption alignnone"><img loading="lazy" class="wp-image-1522 size-large" src="http://amelix.de/wp-content/uploads/2021/01/0019669-1024x700.jpeg" alt="" width="840" height="574" srcset="http://amelix.de/wp-content/uploads/2021/01/0019669-1024x700.jpeg 1024w, http://amelix.de/wp-content/uploads/2021/01/0019669-600x410.jpeg 600w, http://amelix.de/wp-content/uploads/2021/01/0019669-768x525.jpeg 768w, http://amelix.de/wp-content/uploads/2021/01/0019669-1536x1050.jpeg 1536w, http://amelix.de/wp-content/uploads/2021/01/0019669-2048x1400.jpeg 2048w, http://amelix.de/wp-content/uploads/2021/01/0019669-1200x820.jpeg 1200w" sizes="(max-width: 709px) 85vw, (max-width: 909px) 67vw, (max-width: 1362px) 62vw, 840px" /><figcaption id="caption-attachment-1522" class="wp-caption-text">Das Davertdorf</figcaption></figure>
<figure id="attachment_1523" aria-describedby="caption-attachment-1523" style="width: 678px" class="wp-caption alignnone"><img loading="lazy" class="wp-image-1523 size-large" src="http://amelix.de/wp-content/uploads/2021/01/0019659-678x1024.jpeg" alt="" width="678" height="1024" srcset="http://amelix.de/wp-content/uploads/2021/01/0019659-678x1024.jpeg 678w, http://amelix.de/wp-content/uploads/2021/01/0019659-397x600.jpeg 397w, http://amelix.de/wp-content/uploads/2021/01/0019659-768x1160.jpeg 768w, http://amelix.de/wp-content/uploads/2021/01/0019659-1017x1536.jpeg 1017w, http://amelix.de/wp-content/uploads/2021/01/0019659-1356x2048.jpeg 1356w, http://amelix.de/wp-content/uploads/2021/01/0019659-1200x1812.jpeg 1200w, http://amelix.de/wp-content/uploads/2021/01/0019659-scaled.jpeg 1696w" sizes="(max-width: 678px) 85vw, 678px" /><figcaption id="caption-attachment-1523" class="wp-caption-text">Schnee auch am Dorfbach</figcaption></figure>
<figure id="attachment_1525" aria-describedby="caption-attachment-1525" style="width: 840px" class="wp-caption alignnone"><img loading="lazy" class="wp-image-1525 size-large" src="http://amelix.de/wp-content/uploads/2021/01/0019707-1024x678.jpeg" alt="" width="840" height="556" srcset="http://amelix.de/wp-content/uploads/2021/01/0019707-1024x678.jpeg 1024w, http://amelix.de/wp-content/uploads/2021/01/0019707-600x397.jpeg 600w, http://amelix.de/wp-content/uploads/2021/01/0019707-768x509.jpeg 768w, http://amelix.de/wp-content/uploads/2021/01/0019707-1536x1017.jpeg 1536w, http://amelix.de/wp-content/uploads/2021/01/0019707-2048x1356.jpeg 2048w, http://amelix.de/wp-content/uploads/2021/01/0019707-1200x795.jpeg 1200w" sizes="(max-width: 709px) 85vw, (max-width: 909px) 67vw, (max-width: 1362px) 62vw, 840px" /><figcaption id="caption-attachment-1525" class="wp-caption-text">Dortmund-Ems-Kanal</figcaption></figure>
<p style="text-align: center;"><iframe loading="lazy" src="https://www.komoot.de/tour/306210346/embed?profile=1" width="100%" height="680" frameborder="0" scrolling="no"></iframe></p>

<p>Schneefall im &#8222;Davertdorf&#8220; Münster Amelsbüren ist schon etwas Besonderes. Es ist sehr selten und der Schnee bleibt auch nicht lange liegen. Genau deswegen bin ich mit der Kamera früh losgelaufen und hatte tatsächlich das Glück, dicke Flocken und knirschenden Schnee zu erleben.</p>

<!-- This site is optimized with the Yoast SEO plugin v19.10 - https://yoast.com/wordpress/plugins/seo/ -->
<title>Schneefall-Fototour - Amelix</title>
<meta name="robots" content="index, follow, max-snippet:-1, max-image-preview:large, max-video-preview:-1" />
<link rel="canonical" href="http://amelix.de/?page_id=1519" />
<meta property="og:locale" content="de_DE" />
<meta property="og:type" content="article" />
<meta property="og:title" content="Schneefall-Fototour - Amelix" />
<meta property="og:description" content="Schneefall im &#8222;Davertdorf&#8220; Münster Amelsbüren ist schon etwas Besonderes. Es ist sehr selten und der Schnee bleibt auch nicht lange liegen. Genau deswegen bin ich mit der Kamera früh losgelaufen und hatte tatsächlich das Glück, dicke Flocken und knirschenden Schnee zu erleben." />
<meta property="og:url" content="http://amelix.de/?page_id=1519" />
<meta property="og:site_name" content="Amelix" />
<meta property="og:image" content="http://amelix.de/wp-content/uploads/2021/01/0019669-1024x700.jpeg" />
<meta name="twitter:label1" content="Geschätzte Lesezeit" />
	<meta name="twitter:data1" content="1 Minute" />
<script type="application/ld+json" class="yoast-schema-graph">{"@context":"https://schema.org","@graph":[{"@type":"WebPage","@id":"http://amelix.de/?page_id=1519","url":"http://amelix.de/?page_id=1519","name":"Schneefall-Fototour - Amelix","isPartOf":{"@id":"http://amelix.de/#website"},"datePublished":"2021-01-20T15:57:03+00:00","dateModified":"2021-01-20T15:57:03+00:00","breadcrumb":{"@id":"http://amelix.de/?page_id=1519#breadcrumb"},"inLanguage":"de","potentialAction":[{"@type":"ReadAction","target":["http://amelix.de/?page_id=1519"]}]},{"@type":"BreadcrumbList","@id":"http://amelix.de/?page_id=1519#breadcrumb","itemListElement":[{"@type":"ListItem","position":1,"name":"Home","item":"http://amelix.de/"},{"@type":"ListItem","position":2,"name":"Schneefall-Fototour"}]},{"@type":"WebSite","@id":"http://amelix.de/#website","url":"http://amelix.de/","name":"Amelix","description":"Fahrradfahr-Blog für Best-Ager","potentialAction":[{"@type":"SearchAction","target":{"@type":"EntryPoint","urlTemplate":"http://amelix.de/?s={search_term_string}"},"query-input":"required name=search_term_string"}],"inLanguage":"de"}]}</script>
<!-- / Yoast SEO plugin. -->

Schneefall im &#8222;Davertdorf&#8220; Münster Amelsbüren ist schon etwas Besonderes. Es ist sehr selten und der Schnee bleibt auch nicht lange liegen. Genau deswegen bin ich mit der Kamera früh losgelaufen und hatte tatsächlich das Glück, dicke Flocken und knirschenden Schnee zu erleben.

Fahrradfahr-Blog für Best-Ager
