{"id":1888,"date":"2022-11-19T19:10:59","date_gmt":"2022-11-19T18:10:59","guid":{"rendered":"http:\/\/amelix.de\/?page_id=1888"},"modified":"2022-11-19T19:10:59","modified_gmt":"2022-11-19T18:10:59","slug":"bodden-erkundungstour","status":"publish","type":"page","link":"http:\/\/amelix.de\/?page_id=1888","title":{"rendered":"Bodden-Erkundungstour"},"content":{"rendered":"<p>&nbsp;<\/p>\n<p><span style=\"font-size: 12pt;\">Nach langer Radelpause sind wir wieder mit den Fahrr\u00e4dern unterwegs. Gestartet sind wir in Wustrow, wo auch unser Appartment ist. Da das Wetter mitspielt, sind wir direkt am ersten Morgen nach Anreise gestartet, um die Umgebung ein wenig zu erkunden.\u00a0<\/span><\/p>\n<figure id=\"attachment_1889\" aria-describedby=\"caption-attachment-1889\" style=\"width: 840px\" class=\"wp-caption alignnone\"><img loading=\"lazy\" class=\"wp-image-1889 size-large\" src=\"http:\/\/amelix.de\/wp-content\/uploads\/2022\/11\/DSC_3705-1024x682.jpg\" alt=\"\" width=\"840\" height=\"559\" srcset=\"http:\/\/amelix.de\/wp-content\/uploads\/2022\/11\/DSC_3705-1024x682.jpg 1024w, http:\/\/amelix.de\/wp-content\/uploads\/2022\/11\/DSC_3705-600x400.jpg 600w, http:\/\/amelix.de\/wp-content\/uploads\/2022\/11\/DSC_3705-768x511.jpg 768w, http:\/\/amelix.de\/wp-content\/uploads\/2022\/11\/DSC_3705-1536x1023.jpg 1536w, http:\/\/amelix.de\/wp-content\/uploads\/2022\/11\/DSC_3705-2048x1364.jpg 2048w, http:\/\/amelix.de\/wp-content\/uploads\/2022\/11\/DSC_3705-1200x799.jpg 1200w\" sizes=\"(max-width: 709px) 85vw, (max-width: 909px) 67vw, (max-width: 1362px) 62vw, 840px\" \/><figcaption id=\"caption-attachment-1889\" class=\"wp-caption-text\"><span style=\"font-size: 12pt;\">Startpunkt der Erkundungstour<\/span><\/figcaption><\/figure>\n<p>&nbsp;<\/p>\n<p><span style=\"font-size: 12pt;\">Die Beschilderungen des Radweges sind gut, wenn auch nicht immer durchg\u00e4ngig. So sind wir auch schon bald \u00a0am Bodden, wo wir das erste Zeesboot in einiger Entfernung auf dem Wasser sehen k\u00f6nnen.<\/span><\/p>\n<figure id=\"attachment_1890\" aria-describedby=\"caption-attachment-1890\" style=\"width: 840px\" class=\"wp-caption alignnone\"><img loading=\"lazy\" class=\"wp-image-1890 size-large\" src=\"http:\/\/amelix.de\/wp-content\/uploads\/2022\/11\/DSC_3708-1024x734.jpg\" alt=\"\" width=\"840\" height=\"602\" srcset=\"http:\/\/amelix.de\/wp-content\/uploads\/2022\/11\/DSC_3708-1024x734.jpg 1024w, http:\/\/amelix.de\/wp-content\/uploads\/2022\/11\/DSC_3708-600x430.jpg 600w, http:\/\/amelix.de\/wp-content\/uploads\/2022\/11\/DSC_3708-768x550.jpg 768w, http:\/\/amelix.de\/wp-content\/uploads\/2022\/11\/DSC_3708-1536x1100.jpg 1536w, http:\/\/amelix.de\/wp-content\/uploads\/2022\/11\/DSC_3708-2048x1467.jpg 2048w, http:\/\/amelix.de\/wp-content\/uploads\/2022\/11\/DSC_3708-1200x860.jpg 1200w\" sizes=\"(max-width: 709px) 85vw, (max-width: 909px) 67vw, (max-width: 1362px) 62vw, 840px\" \/><figcaption id=\"caption-attachment-1890\" class=\"wp-caption-text\"><span style=\"font-size: 12pt;\">Zeesboot auf dem Bodden<\/span><\/figcaption><\/figure>\n<p>&nbsp;<\/p>\n<p><span style=\"font-size: 12pt;\">Was ein Zeesboot ist, k\u00f6nnen wir dann in einem kleinen Hafen ,durch den wir kommen, erfahren.\u00a0<\/span><\/p>\n<p><span style=\"font-size: 12pt;\"><img loading=\"lazy\" class=\"alignnone wp-image-1891 size-large\" src=\"http:\/\/amelix.de\/wp-content\/uploads\/2022\/11\/DSC_3709-2-1024x683.jpg\" alt=\"\" width=\"840\" height=\"560\" srcset=\"http:\/\/amelix.de\/wp-content\/uploads\/2022\/11\/DSC_3709-2-1024x683.jpg 1024w, http:\/\/amelix.de\/wp-content\/uploads\/2022\/11\/DSC_3709-2-600x400.jpg 600w, http:\/\/amelix.de\/wp-content\/uploads\/2022\/11\/DSC_3709-2-768x512.jpg 768w, http:\/\/amelix.de\/wp-content\/uploads\/2022\/11\/DSC_3709-2-1536x1024.jpg 1536w, http:\/\/amelix.de\/wp-content\/uploads\/2022\/11\/DSC_3709-2-2048x1365.jpg 2048w, http:\/\/amelix.de\/wp-content\/uploads\/2022\/11\/DSC_3709-2-1200x800.jpg 1200w\" sizes=\"(max-width: 709px) 85vw, (max-width: 909px) 67vw, (max-width: 1362px) 62vw, 840px\" \/><\/span><\/p>\n<p>&nbsp;<\/p>\n<p><span style=\"font-size: 12pt;\">Bei der Weiterfahrt entdecken wir in dem h\u00fcbschen \u00d6rtchen Ahrenshoop diese &#8222;Schifferkirche&#8220;. Sie kann von innen und von au\u00dfen besichtigt werden. Der angrenzende Friedhof erz\u00e4hlt ganz eigene Geschichten \u00fcber die dort beerdigten Fischer.<\/span><\/p>\n<figure id=\"attachment_1894\" aria-describedby=\"caption-attachment-1894\" style=\"width: 840px\" class=\"wp-caption alignnone\"><img loading=\"lazy\" class=\"wp-image-1894 size-large\" src=\"http:\/\/amelix.de\/wp-content\/uploads\/2022\/11\/DSC_3716-1024x683.jpg\" alt=\"\" width=\"840\" height=\"560\" srcset=\"http:\/\/amelix.de\/wp-content\/uploads\/2022\/11\/DSC_3716-1024x683.jpg 1024w, http:\/\/amelix.de\/wp-content\/uploads\/2022\/11\/DSC_3716-600x400.jpg 600w, http:\/\/amelix.de\/wp-content\/uploads\/2022\/11\/DSC_3716-768x512.jpg 768w, http:\/\/amelix.de\/wp-content\/uploads\/2022\/11\/DSC_3716-1536x1024.jpg 1536w, http:\/\/amelix.de\/wp-content\/uploads\/2022\/11\/DSC_3716-2048x1365.jpg 2048w, http:\/\/amelix.de\/wp-content\/uploads\/2022\/11\/DSC_3716-1200x800.jpg 1200w\" sizes=\"(max-width: 709px) 85vw, (max-width: 909px) 67vw, (max-width: 1362px) 62vw, 840px\" \/><figcaption id=\"caption-attachment-1894\" class=\"wp-caption-text\"><span style=\"font-size: 12pt;\">Schifferkirche in Ahrenshoop<\/span><\/figcaption><\/figure>\n<p>&nbsp;<\/p>\n<p><span style=\"font-size: 12pt;\">Und weiter f\u00fchrt uns die Beschilderung, vom Bodden fort, in das dortige Naturschutzgebiet. Dieses wundersch\u00f6ne Waldgebiet \u00a0ist mit dem Rad prima zu erkunden. Zwar ist der Untergrund meist steinig und holprig, aber es gibt auch Abschnitte auf sandigem, weichen Boden. Dort f\u00e4hrt man dann sogar zwischen mannshohem Farn entlang. Ein wenig Kenntnis des eigenen Rades ist dort allerdings n\u00f6tig, da der Untergrund manchmal recht kurzfristig wechselt und die Wege auch schmal und ausgewaschen sein k\u00f6nnen.<\/span><\/p>\n<figure id=\"attachment_1892\" aria-describedby=\"caption-attachment-1892\" style=\"width: 840px\" class=\"wp-caption alignnone\"><img loading=\"lazy\" class=\"wp-image-1892 size-large\" src=\"http:\/\/amelix.de\/wp-content\/uploads\/2022\/11\/DSC_3710-1024x683.jpg\" alt=\"\" width=\"840\" height=\"560\" srcset=\"http:\/\/amelix.de\/wp-content\/uploads\/2022\/11\/DSC_3710-1024x683.jpg 1024w, http:\/\/amelix.de\/wp-content\/uploads\/2022\/11\/DSC_3710-600x400.jpg 600w, http:\/\/amelix.de\/wp-content\/uploads\/2022\/11\/DSC_3710-768x512.jpg 768w, http:\/\/amelix.de\/wp-content\/uploads\/2022\/11\/DSC_3710-1536x1024.jpg 1536w, http:\/\/amelix.de\/wp-content\/uploads\/2022\/11\/DSC_3710-2048x1365.jpg 2048w, http:\/\/amelix.de\/wp-content\/uploads\/2022\/11\/DSC_3710-1200x800.jpg 1200w\" sizes=\"(max-width: 709px) 85vw, (max-width: 909px) 67vw, (max-width: 1362px) 62vw, 840px\" \/><figcaption id=\"caption-attachment-1892\" class=\"wp-caption-text\"><span style=\"font-size: 12pt;\">Naturschutzgebiet<\/span><\/figcaption><\/figure>\n<p>&nbsp;<\/p>\n<p><span style=\"font-size: 12pt;\">Und dann sind wir am Strand der Ostsee. Zu dieser Jahreszeit sind dort nur wenige Menschen dort anzutreffen. Daf\u00fcr aber einiges an Treibgut, was, wie auf dem Bild zusehen, ziemlich malerisch dort angeschwemmt wird.Und auch die windgepeitschten B\u00e4ume sehen sehr beeindruckend aus.<\/span><\/p>\n<figure id=\"attachment_1899\" aria-describedby=\"caption-attachment-1899\" style=\"width: 840px\" class=\"wp-caption alignnone\"><img loading=\"lazy\" class=\"wp-image-1899 size-large\" src=\"http:\/\/amelix.de\/wp-content\/uploads\/2022\/11\/P1008834-1024x683.jpg\" alt=\"\" width=\"840\" height=\"560\" srcset=\"http:\/\/amelix.de\/wp-content\/uploads\/2022\/11\/P1008834-1024x683.jpg 1024w, http:\/\/amelix.de\/wp-content\/uploads\/2022\/11\/P1008834-600x400.jpg 600w, http:\/\/amelix.de\/wp-content\/uploads\/2022\/11\/P1008834-768x512.jpg 768w, http:\/\/amelix.de\/wp-content\/uploads\/2022\/11\/P1008834-1536x1024.jpg 1536w, http:\/\/amelix.de\/wp-content\/uploads\/2022\/11\/P1008834-2048x1365.jpg 2048w, http:\/\/amelix.de\/wp-content\/uploads\/2022\/11\/P1008834-1200x800.jpg 1200w\" sizes=\"(max-width: 709px) 85vw, (max-width: 909px) 67vw, (max-width: 1362px) 62vw, 840px\" \/><figcaption id=\"caption-attachment-1899\" class=\"wp-caption-text\"><span style=\"font-size: 12pt;\">Strand Richtung Darsser Ort<\/span><\/figcaption><\/figure>\n<p>&nbsp;<\/p>\n<p><span style=\"font-size: 12pt;\">Und auf dem R\u00fcckweg zu unserem Apartment haben wir dann sogar noch das Gl\u00fcck, die ersten Kranichz\u00fcge unseres Urlaubs in der Ferne sehen zu k\u00f6nnen.<\/span><\/p>\n<figure id=\"attachment_1901\" aria-describedby=\"caption-attachment-1901\" style=\"width: 840px\" class=\"wp-caption alignnone\"><img loading=\"lazy\" class=\"wp-image-1901 size-large\" src=\"http:\/\/amelix.de\/wp-content\/uploads\/2022\/11\/DSC_3726-1024x305.jpg\" alt=\"\" width=\"840\" height=\"250\" srcset=\"http:\/\/amelix.de\/wp-content\/uploads\/2022\/11\/DSC_3726-1024x305.jpg 1024w, http:\/\/amelix.de\/wp-content\/uploads\/2022\/11\/DSC_3726-600x179.jpg 600w, http:\/\/amelix.de\/wp-content\/uploads\/2022\/11\/DSC_3726-768x229.jpg 768w, http:\/\/amelix.de\/wp-content\/uploads\/2022\/11\/DSC_3726-1536x458.jpg 1536w, http:\/\/amelix.de\/wp-content\/uploads\/2022\/11\/DSC_3726-2048x610.jpg 2048w, http:\/\/amelix.de\/wp-content\/uploads\/2022\/11\/DSC_3726-1200x358.jpg 1200w\" sizes=\"(max-width: 709px) 85vw, (max-width: 909px) 67vw, (max-width: 1362px) 62vw, 840px\" \/><figcaption id=\"caption-attachment-1901\" class=\"wp-caption-text\"><span style=\"font-size: 12pt;\">Kranichzug \u00fcber dem Wasser<\/span><\/figcaption><\/figure>\n<p>&nbsp;<\/p>\n<p><span style=\"font-size: 12pt;\">Insgesamt ist es dann doch ein wenig mehr als eine kurze Runde geworden. Eigentlich wollen wir ja nur den Ort und seine direkt Umgebung erkunden. Aber es gibt sooo viel dort zu sehen&#8230; da fahren wir gerne auch bei Gegenwind ein wenig weiter.\u00a0<\/span><\/p>\n<p><span style=\"font-size: 12pt;\"><img loading=\"lazy\" class=\"alignnone wp-image-1896 size-large\" src=\"http:\/\/amelix.de\/wp-content\/uploads\/2022\/11\/IMG_3408-473x1024.png\" alt=\"\" width=\"473\" height=\"1024\" srcset=\"http:\/\/amelix.de\/wp-content\/uploads\/2022\/11\/IMG_3408-473x1024.png 473w, http:\/\/amelix.de\/wp-content\/uploads\/2022\/11\/IMG_3408-277x600.png 277w, http:\/\/amelix.de\/wp-content\/uploads\/2022\/11\/IMG_3408-768x1662.png 768w, http:\/\/amelix.de\/wp-content\/uploads\/2022\/11\/IMG_3408-710x1536.png 710w, http:\/\/amelix.de\/wp-content\/uploads\/2022\/11\/IMG_3408-946x2048.png 946w, http:\/\/amelix.de\/wp-content\/uploads\/2022\/11\/IMG_3408.png 1170w\" sizes=\"(max-width: 473px) 85vw, 473px\" \/><\/span><\/p>\n","protected":false},"excerpt":{"rendered":"<p>&nbsp; Nach langer Radelpause sind wir wieder mit den Fahrr\u00e4dern unterwegs. Gestartet sind wir in Wustrow, wo auch unser Appartment ist. Da das Wetter mitspielt, sind wir direkt am ersten Morgen nach Anreise gestartet, um die Umgebung ein wenig zu erkunden.\u00a0 &nbsp; Die Beschilderungen des Radweges sind gut, wenn auch nicht immer durchg\u00e4ngig. So sind &hellip; <a href=\"http:\/\/amelix.de\/?page_id=1888\" class=\"more-link\"><span class=\"screen-reader-text\">\u201eBodden-Erkundungstour\u201c<\/span> weiterlesen<\/a><\/p>\n","protected":false},"author":2,"featured_media":0,"parent":0,"menu_order":0,"comment_status":"closed","ping_status":"closed","template":"","meta":[],"yoast_head":"<!-- This site is optimized with the Yoast SEO plugin v19.10 - https:\/\/yoast.com\/wordpress\/plugins\/seo\/ -->\n<title>Bodden-Erkundungstour - Amelix<\/title>\n<meta name=\"robots\" content=\"index, follow, max-snippet:-1, max-image-preview:large, max-video-preview:-1\" \/>\n<link rel=\"canonical\" href=\"http:\/\/amelix.de\/?page_id=1888\" \/>\n<meta property=\"og:locale\" content=\"de_DE\" \/>\n<meta property=\"og:type\" content=\"article\" \/>\n<meta property=\"og:title\" content=\"Bodden-Erkundungstour - Amelix\" \/>\n<meta property=\"og:description\" content=\"&nbsp; Nach langer Radelpause sind wir wieder mit den Fahrr\u00e4dern unterwegs. Gestartet sind wir in Wustrow, wo auch unser Appartment ist. Da das Wetter mitspielt, sind wir direkt am ersten Morgen nach Anreise gestartet, um die Umgebung ein wenig zu erkunden.\u00a0 &nbsp; Die Beschilderungen des Radweges sind gut, wenn auch nicht immer durchg\u00e4ngig. So sind &hellip; \u201eBodden-Erkundungstour\u201c weiterlesen\" \/>\n<meta property=\"og:url\" content=\"http:\/\/amelix.de\/?page_id=1888\" \/>\n<meta property=\"og:site_name\" content=\"Amelix\" \/>\n<meta property=\"og:image\" content=\"http:\/\/amelix.de\/wp-content\/uploads\/2022\/11\/DSC_3705-1024x682.jpg\" \/>\n<meta name=\"twitter:label1\" content=\"Gesch\u00e4tzte Lesezeit\" \/>\n\t<meta name=\"twitter:data1\" content=\"4\u00a0Minuten\" \/>\n<script type=\"application\/ld+json\" class=\"yoast-schema-graph\">{\"@context\":\"https:\/\/schema.org\",\"@graph\":[{\"@type\":\"WebPage\",\"@id\":\"http:\/\/amelix.de\/?page_id=1888\",\"url\":\"http:\/\/amelix.de\/?page_id=1888\",\"name\":\"Bodden-Erkundungstour - Amelix\",\"isPartOf\":{\"@id\":\"http:\/\/amelix.de\/#website\"},\"datePublished\":\"2022-11-19T18:10:59+00:00\",\"dateModified\":\"2022-11-19T18:10:59+00:00\",\"breadcrumb\":{\"@id\":\"http:\/\/amelix.de\/?page_id=1888#breadcrumb\"},\"inLanguage\":\"de\",\"potentialAction\":[{\"@type\":\"ReadAction\",\"target\":[\"http:\/\/amelix.de\/?page_id=1888\"]}]},{\"@type\":\"BreadcrumbList\",\"@id\":\"http:\/\/amelix.de\/?page_id=1888#breadcrumb\",\"itemListElement\":[{\"@type\":\"ListItem\",\"position\":1,\"name\":\"Home\",\"item\":\"http:\/\/amelix.de\/\"},{\"@type\":\"ListItem\",\"position\":2,\"name\":\"Bodden-Erkundungstour\"}]},{\"@type\":\"WebSite\",\"@id\":\"http:\/\/amelix.de\/#website\",\"url\":\"http:\/\/amelix.de\/\",\"name\":\"Amelix\",\"description\":\"Fahrradfahr-Blog f\u00fcr Best-Ager\",\"potentialAction\":[{\"@type\":\"SearchAction\",\"target\":{\"@type\":\"EntryPoint\",\"urlTemplate\":\"http:\/\/amelix.de\/?s={search_term_string}\"},\"query-input\":\"required name=search_term_string\"}],\"inLanguage\":\"de\"}]}<\/script>\n<!-- \/ Yoast SEO plugin. -->","yoast_head_json":{"title":"Bodden-Erkundungstour - Amelix","robots":{"index":"index","follow":"follow","max-snippet":"max-snippet:-1","max-image-preview":"max-image-preview:large","max-video-preview":"max-video-preview:-1"},"canonical":"http:\/\/amelix.de\/?page_id=1888","og_locale":"de_DE","og_type":"article","og_title":"Bodden-Erkundungstour - Amelix","og_description":"&nbsp; Nach langer Radelpause sind wir wieder mit den Fahrr\u00e4dern unterwegs. Gestartet sind wir in Wustrow, wo auch unser Appartment ist. Da das Wetter mitspielt, sind wir direkt am ersten Morgen nach Anreise gestartet, um die Umgebung ein wenig zu erkunden.\u00a0 &nbsp; Die Beschilderungen des Radweges sind gut, wenn auch nicht immer durchg\u00e4ngig. So sind &hellip; \u201eBodden-Erkundungstour\u201c weiterlesen","og_url":"http:\/\/amelix.de\/?page_id=1888","og_site_name":"Amelix","og_image":[{"url":"http:\/\/amelix.de\/wp-content\/uploads\/2022\/11\/DSC_3705-1024x682.jpg"}],"twitter_misc":{"Gesch\u00e4tzte Lesezeit":"4\u00a0Minuten"},"schema":{"@context":"https:\/\/schema.org","@graph":[{"@type":"WebPage","@id":"http:\/\/amelix.de\/?page_id=1888","url":"http:\/\/amelix.de\/?page_id=1888","name":"Bodden-Erkundungstour - Amelix","isPartOf":{"@id":"http:\/\/amelix.de\/#website"},"datePublished":"2022-11-19T18:10:59+00:00","dateModified":"2022-11-19T18:10:59+00:00","breadcrumb":{"@id":"http:\/\/amelix.de\/?page_id=1888#breadcrumb"},"inLanguage":"de","potentialAction":[{"@type":"ReadAction","target":["http:\/\/amelix.de\/?page_id=1888"]}]},{"@type":"BreadcrumbList","@id":"http:\/\/amelix.de\/?page_id=1888#breadcrumb","itemListElement":[{"@type":"ListItem","position":1,"name":"Home","item":"http:\/\/amelix.de\/"},{"@type":"ListItem","position":2,"name":"Bodden-Erkundungstour"}]},{"@type":"WebSite","@id":"http:\/\/amelix.de\/#website","url":"http:\/\/amelix.de\/","name":"Amelix","description":"Fahrradfahr-Blog f\u00fcr Best-Ager","potentialAction":[{"@type":"SearchAction","target":{"@type":"EntryPoint","urlTemplate":"http:\/\/amelix.de\/?s={search_term_string}"},"query-input":"required name=search_term_string"}],"inLanguage":"de"}]}},"_links":{"self":[{"href":"http:\/\/amelix.de\/index.php?rest_route=\/wp\/v2\/pages\/1888"}],"collection":[{"href":"http:\/\/amelix.de\/index.php?rest_route=\/wp\/v2\/pages"}],"about":[{"href":"http:\/\/amelix.de\/index.php?rest_route=\/wp\/v2\/types\/page"}],"author":[{"embeddable":true,"href":"http:\/\/amelix.de\/index.php?rest_route=\/wp\/v2\/users\/2"}],"replies":[{"embeddable":true,"href":"http:\/\/amelix.de\/index.php?rest_route=%2Fwp%2Fv2%2Fcomments&post=1888"}],"version-history":[{"count":6,"href":"http:\/\/amelix.de\/index.php?rest_route=\/wp\/v2\/pages\/1888\/revisions"}],"predecessor-version":[{"id":1904,"href":"http:\/\/amelix.de\/index.php?rest_route=\/wp\/v2\/pages\/1888\/revisions\/1904"}],"wp:attachment":[{"href":"http:\/\/amelix.de\/index.php?rest_route=%2Fwp%2Fv2%2Fmedia&parent=1888"}],"curies":[{"name":"wp","href":"https:\/\/api.w.org\/{rel}","templated":true}]}}