{"id":1981,"date":"2023-10-04T20:41:59","date_gmt":"2023-10-04T18:41:59","guid":{"rendered":"http:\/\/amelix.de\/?page_id=1981"},"modified":"2023-10-04T20:52:50","modified_gmt":"2023-10-04T18:52:50","slug":"der-buergerpark-im-bremer-stadtwald","status":"publish","type":"page","link":"http:\/\/amelix.de\/?page_id=1981","title":{"rendered":"Die B\u00fcrgerpark &#8211; Tour im Bremer Stadtwald"},"content":{"rendered":"<p>&nbsp;<\/p>\n<p><span style=\"font-size: 14pt; font-family: Georgia, Palatino;\">Heute machen wir eine Erkundungstour mit den R\u00e4dern im Bremer Stadtwald und seiner Umgebung.<\/span><\/p>\n<figure id=\"attachment_1991\" aria-describedby=\"caption-attachment-1991\" style=\"width: 768px\" class=\"wp-caption aligncenter\"><img loading=\"lazy\" class=\"wp-image-1991 size-large\" src=\"http:\/\/amelix.de\/wp-content\/uploads\/2023\/10\/2694DFF9-8F78-4AAA-BF84-D374E82B7BF2-9658-000007EFA10DDE8B-768x1024.jpg\" alt=\"\" width=\"768\" height=\"1024\" srcset=\"http:\/\/amelix.de\/wp-content\/uploads\/2023\/10\/2694DFF9-8F78-4AAA-BF84-D374E82B7BF2-9658-000007EFA10DDE8B-768x1024.jpg 768w, http:\/\/amelix.de\/wp-content\/uploads\/2023\/10\/2694DFF9-8F78-4AAA-BF84-D374E82B7BF2-9658-000007EFA10DDE8B-450x600.jpg 450w, http:\/\/amelix.de\/wp-content\/uploads\/2023\/10\/2694DFF9-8F78-4AAA-BF84-D374E82B7BF2-9658-000007EFA10DDE8B-1152x1536.jpg 1152w, http:\/\/amelix.de\/wp-content\/uploads\/2023\/10\/2694DFF9-8F78-4AAA-BF84-D374E82B7BF2-9658-000007EFA10DDE8B-1536x2048.jpg 1536w, http:\/\/amelix.de\/wp-content\/uploads\/2023\/10\/2694DFF9-8F78-4AAA-BF84-D374E82B7BF2-9658-000007EFA10DDE8B-1200x1600.jpg 1200w, http:\/\/amelix.de\/wp-content\/uploads\/2023\/10\/2694DFF9-8F78-4AAA-BF84-D374E82B7BF2-9658-000007EFA10DDE8B-scaled.jpg 1920w\" sizes=\"(max-width: 768px) 85vw, 768px\" \/><figcaption id=\"caption-attachment-1991\" class=\"wp-caption-text\">Der B\u00fcrgerpark im Bremer Stadtwald<\/figcaption><\/figure>\n<p>&nbsp;<\/p>\n<p><span style=\"font-family: Georgia, Palatino; font-size: 14pt;\">Die Hauptattraktion im Stadtwald ist das dort befindliche Tiergehege, was man ohne Eintrittsgeb\u00fchr besuchen kann. Es bietet so allerlei f\u00fcr kleine und gro\u00dfe Menschen.<\/span><img loading=\"lazy\" class=\"alignnone wp-image-1983 size-large\" src=\"http:\/\/amelix.de\/wp-content\/uploads\/2023\/10\/DSCF2331-1024x947.jpg\" alt=\"\" width=\"840\" height=\"777\" srcset=\"http:\/\/amelix.de\/wp-content\/uploads\/2023\/10\/DSCF2331-1024x947.jpg 1024w, http:\/\/amelix.de\/wp-content\/uploads\/2023\/10\/DSCF2331-600x555.jpg 600w, http:\/\/amelix.de\/wp-content\/uploads\/2023\/10\/DSCF2331-768x711.jpg 768w, http:\/\/amelix.de\/wp-content\/uploads\/2023\/10\/DSCF2331-1536x1421.jpg 1536w, http:\/\/amelix.de\/wp-content\/uploads\/2023\/10\/DSCF2331-2048x1895.jpg 2048w, http:\/\/amelix.de\/wp-content\/uploads\/2023\/10\/DSCF2331-1200x1110.jpg 1200w\" sizes=\"(max-width: 709px) 85vw, (max-width: 909px) 67vw, (max-width: 1362px) 62vw, 840px\" \/><\/p>\n<figure id=\"attachment_2002\" aria-describedby=\"caption-attachment-2002\" style=\"width: 840px\" class=\"wp-caption alignnone\"><img loading=\"lazy\" class=\"wp-image-2002 size-large\" src=\"http:\/\/amelix.de\/wp-content\/uploads\/2023\/10\/4744BB76-1C2B-4735-96FC-CCFAE32EA3A3-15012-0000090B24D860EF-1024x768.jpg\" alt=\"\" width=\"840\" height=\"630\" srcset=\"http:\/\/amelix.de\/wp-content\/uploads\/2023\/10\/4744BB76-1C2B-4735-96FC-CCFAE32EA3A3-15012-0000090B24D860EF-1024x768.jpg 1024w, http:\/\/amelix.de\/wp-content\/uploads\/2023\/10\/4744BB76-1C2B-4735-96FC-CCFAE32EA3A3-15012-0000090B24D860EF-600x450.jpg 600w, http:\/\/amelix.de\/wp-content\/uploads\/2023\/10\/4744BB76-1C2B-4735-96FC-CCFAE32EA3A3-15012-0000090B24D860EF-768x576.jpg 768w, http:\/\/amelix.de\/wp-content\/uploads\/2023\/10\/4744BB76-1C2B-4735-96FC-CCFAE32EA3A3-15012-0000090B24D860EF-1536x1152.jpg 1536w, http:\/\/amelix.de\/wp-content\/uploads\/2023\/10\/4744BB76-1C2B-4735-96FC-CCFAE32EA3A3-15012-0000090B24D860EF-2048x1536.jpg 2048w, http:\/\/amelix.de\/wp-content\/uploads\/2023\/10\/4744BB76-1C2B-4735-96FC-CCFAE32EA3A3-15012-0000090B24D860EF-1200x900.jpg 1200w\" sizes=\"(max-width: 709px) 85vw, (max-width: 909px) 67vw, (max-width: 1362px) 62vw, 840px\" \/><figcaption id=\"caption-attachment-2002\" class=\"wp-caption-text\">Abstellfl\u00e4che f\u00fcr viele Fahrr\u00e4der .<\/figcaption><\/figure>\n<p><img loading=\"lazy\" class=\"alignnone wp-image-1984 size-large\" src=\"http:\/\/amelix.de\/wp-content\/uploads\/2023\/10\/DSCF2333-1024x683.jpg\" alt=\"\" width=\"840\" height=\"560\" srcset=\"http:\/\/amelix.de\/wp-content\/uploads\/2023\/10\/DSCF2333-1024x683.jpg 1024w, http:\/\/amelix.de\/wp-content\/uploads\/2023\/10\/DSCF2333-600x400.jpg 600w, http:\/\/amelix.de\/wp-content\/uploads\/2023\/10\/DSCF2333-768x512.jpg 768w, http:\/\/amelix.de\/wp-content\/uploads\/2023\/10\/DSCF2333-1536x1024.jpg 1536w, http:\/\/amelix.de\/wp-content\/uploads\/2023\/10\/DSCF2333-2048x1365.jpg 2048w, http:\/\/amelix.de\/wp-content\/uploads\/2023\/10\/DSCF2333-1200x800.jpg 1200w\" sizes=\"(max-width: 709px) 85vw, (max-width: 909px) 67vw, (max-width: 1362px) 62vw, 840px\" \/><\/p>\n<p><img loading=\"lazy\" class=\"alignnone wp-image-1985 size-large\" src=\"http:\/\/amelix.de\/wp-content\/uploads\/2023\/10\/DSCF2355-1024x839.jpg\" alt=\"\" width=\"840\" height=\"688\" srcset=\"http:\/\/amelix.de\/wp-content\/uploads\/2023\/10\/DSCF2355-1024x839.jpg 1024w, http:\/\/amelix.de\/wp-content\/uploads\/2023\/10\/DSCF2355-600x492.jpg 600w, http:\/\/amelix.de\/wp-content\/uploads\/2023\/10\/DSCF2355-768x630.jpg 768w, http:\/\/amelix.de\/wp-content\/uploads\/2023\/10\/DSCF2355-1536x1259.jpg 1536w, http:\/\/amelix.de\/wp-content\/uploads\/2023\/10\/DSCF2355-2048x1679.jpg 2048w, http:\/\/amelix.de\/wp-content\/uploads\/2023\/10\/DSCF2355-1200x984.jpg 1200w\" sizes=\"(max-width: 709px) 85vw, (max-width: 909px) 67vw, (max-width: 1362px) 62vw, 840px\" \/><\/p>\n<p><img loading=\"lazy\" class=\"alignnone wp-image-2001 size-large\" src=\"http:\/\/amelix.de\/wp-content\/uploads\/2023\/10\/90306F84-99B8-4473-999E-FBEBB46A0F01-15012-000008D98839B3B6-1-768x1024.jpg\" alt=\"\" width=\"768\" height=\"1024\" srcset=\"http:\/\/amelix.de\/wp-content\/uploads\/2023\/10\/90306F84-99B8-4473-999E-FBEBB46A0F01-15012-000008D98839B3B6-1-768x1024.jpg 768w, http:\/\/amelix.de\/wp-content\/uploads\/2023\/10\/90306F84-99B8-4473-999E-FBEBB46A0F01-15012-000008D98839B3B6-1-450x600.jpg 450w, http:\/\/amelix.de\/wp-content\/uploads\/2023\/10\/90306F84-99B8-4473-999E-FBEBB46A0F01-15012-000008D98839B3B6-1-1152x1536.jpg 1152w, http:\/\/amelix.de\/wp-content\/uploads\/2023\/10\/90306F84-99B8-4473-999E-FBEBB46A0F01-15012-000008D98839B3B6-1-1536x2048.jpg 1536w, http:\/\/amelix.de\/wp-content\/uploads\/2023\/10\/90306F84-99B8-4473-999E-FBEBB46A0F01-15012-000008D98839B3B6-1-1200x1600.jpg 1200w, http:\/\/amelix.de\/wp-content\/uploads\/2023\/10\/90306F84-99B8-4473-999E-FBEBB46A0F01-15012-000008D98839B3B6-1-scaled.jpg 1920w\" sizes=\"(max-width: 768px) 85vw, 768px\" \/><\/p>\n<p>&nbsp;<\/p>\n<p><span style=\"font-size: 14pt; font-family: Georgia, Palatino;\">Auch f\u00fcr Fu\u00dfg\u00e4nger ist reichlich Raum zum Bummeln in der Natur und auch nur zum entspannten Spazierengehen.<\/span><\/p>\n<figure id=\"attachment_2005\" aria-describedby=\"caption-attachment-2005\" style=\"width: 768px\" class=\"wp-caption alignnone\"><img loading=\"lazy\" class=\"wp-image-2005 size-large\" src=\"http:\/\/amelix.de\/wp-content\/uploads\/2023\/10\/D6DEA422-23E8-43FE-A328-8B6A9B4B2B9C-9658-000007EDCF7B0DAE-1-768x1024.jpg\" alt=\"\" width=\"768\" height=\"1024\" srcset=\"http:\/\/amelix.de\/wp-content\/uploads\/2023\/10\/D6DEA422-23E8-43FE-A328-8B6A9B4B2B9C-9658-000007EDCF7B0DAE-1-768x1024.jpg 768w, http:\/\/amelix.de\/wp-content\/uploads\/2023\/10\/D6DEA422-23E8-43FE-A328-8B6A9B4B2B9C-9658-000007EDCF7B0DAE-1-450x600.jpg 450w, http:\/\/amelix.de\/wp-content\/uploads\/2023\/10\/D6DEA422-23E8-43FE-A328-8B6A9B4B2B9C-9658-000007EDCF7B0DAE-1-1152x1536.jpg 1152w, http:\/\/amelix.de\/wp-content\/uploads\/2023\/10\/D6DEA422-23E8-43FE-A328-8B6A9B4B2B9C-9658-000007EDCF7B0DAE-1-1536x2048.jpg 1536w, http:\/\/amelix.de\/wp-content\/uploads\/2023\/10\/D6DEA422-23E8-43FE-A328-8B6A9B4B2B9C-9658-000007EDCF7B0DAE-1-1200x1600.jpg 1200w, http:\/\/amelix.de\/wp-content\/uploads\/2023\/10\/D6DEA422-23E8-43FE-A328-8B6A9B4B2B9C-9658-000007EDCF7B0DAE-1-scaled.jpg 1920w\" sizes=\"(max-width: 768px) 85vw, 768px\" \/><figcaption id=\"caption-attachment-2005\" class=\"wp-caption-text\">Entlang an kleinen Wasserl\u00e4ufen&#8230;<\/figcaption><\/figure>\n<figure id=\"attachment_2006\" aria-describedby=\"caption-attachment-2006\" style=\"width: 768px\" class=\"wp-caption alignnone\"><img loading=\"lazy\" class=\"wp-image-2006 size-large\" src=\"http:\/\/amelix.de\/wp-content\/uploads\/2023\/10\/37886E5F-3620-48DD-8E07-161A59CB23E1-9658-000007F1E1E99773-1-768x1024.jpg\" alt=\"\" width=\"768\" height=\"1024\" srcset=\"http:\/\/amelix.de\/wp-content\/uploads\/2023\/10\/37886E5F-3620-48DD-8E07-161A59CB23E1-9658-000007F1E1E99773-1-768x1024.jpg 768w, http:\/\/amelix.de\/wp-content\/uploads\/2023\/10\/37886E5F-3620-48DD-8E07-161A59CB23E1-9658-000007F1E1E99773-1-450x600.jpg 450w, http:\/\/amelix.de\/wp-content\/uploads\/2023\/10\/37886E5F-3620-48DD-8E07-161A59CB23E1-9658-000007F1E1E99773-1-1152x1536.jpg 1152w, http:\/\/amelix.de\/wp-content\/uploads\/2023\/10\/37886E5F-3620-48DD-8E07-161A59CB23E1-9658-000007F1E1E99773-1-1536x2048.jpg 1536w, http:\/\/amelix.de\/wp-content\/uploads\/2023\/10\/37886E5F-3620-48DD-8E07-161A59CB23E1-9658-000007F1E1E99773-1-1200x1600.jpg 1200w, http:\/\/amelix.de\/wp-content\/uploads\/2023\/10\/37886E5F-3620-48DD-8E07-161A59CB23E1-9658-000007F1E1E99773-1-scaled.jpg 1920w\" sizes=\"(max-width: 768px) 85vw, 768px\" \/><figcaption id=\"caption-attachment-2006\" class=\"wp-caption-text\">..\u00fcber h\u00fcbsche Br\u00fccken&#8230;.<\/figcaption><\/figure>\n<figure id=\"attachment_2007\" aria-describedby=\"caption-attachment-2007\" style=\"width: 768px\" class=\"wp-caption alignnone\"><img loading=\"lazy\" class=\"wp-image-2007 size-large\" src=\"http:\/\/amelix.de\/wp-content\/uploads\/2023\/10\/FC93A78D-5CDA-4270-9393-9A9A10645283-9658-000007F2185E3B5A-1-768x1024.jpg\" alt=\"\" width=\"768\" height=\"1024\" srcset=\"http:\/\/amelix.de\/wp-content\/uploads\/2023\/10\/FC93A78D-5CDA-4270-9393-9A9A10645283-9658-000007F2185E3B5A-1-768x1024.jpg 768w, http:\/\/amelix.de\/wp-content\/uploads\/2023\/10\/FC93A78D-5CDA-4270-9393-9A9A10645283-9658-000007F2185E3B5A-1-450x600.jpg 450w, http:\/\/amelix.de\/wp-content\/uploads\/2023\/10\/FC93A78D-5CDA-4270-9393-9A9A10645283-9658-000007F2185E3B5A-1-1152x1536.jpg 1152w, http:\/\/amelix.de\/wp-content\/uploads\/2023\/10\/FC93A78D-5CDA-4270-9393-9A9A10645283-9658-000007F2185E3B5A-1-1536x2048.jpg 1536w, http:\/\/amelix.de\/wp-content\/uploads\/2023\/10\/FC93A78D-5CDA-4270-9393-9A9A10645283-9658-000007F2185E3B5A-1-1200x1600.jpg 1200w, http:\/\/amelix.de\/wp-content\/uploads\/2023\/10\/FC93A78D-5CDA-4270-9393-9A9A10645283-9658-000007F2185E3B5A-1-scaled.jpg 1920w\" sizes=\"(max-width: 768px) 85vw, 768px\" \/><figcaption id=\"caption-attachment-2007\" class=\"wp-caption-text\">&#8230;mit Ruhebereichen an kleinen Seen<\/figcaption><\/figure>\n<p>&nbsp;<\/p>\n<p><span style=\"font-size: 14pt; font-family: Georgia, Palatino;\">Es ist eine ungeplante sehr angenehm zu fahrende Tour geworden. Extra erw\u00e4hnen m\u00f6chte ich im Park die gute Qualit\u00e4t der dortigen Radwege. Ein kleines Manko ist die etwas arg sparsame Beschilderung innerhalb des Parks.<\/span><\/p>\n<p>&nbsp;<\/p>\n<figure id=\"attachment_2012\" aria-describedby=\"caption-attachment-2012\" style=\"width: 1169px\" class=\"wp-caption alignnone\"><img loading=\"lazy\" class=\"wp-image-2012 size-full\" src=\"http:\/\/amelix.de\/wp-content\/uploads\/2023\/10\/IMG_7613.jpg\" alt=\"\" width=\"1169\" height=\"1440\" srcset=\"http:\/\/amelix.de\/wp-content\/uploads\/2023\/10\/IMG_7613.jpg 1169w, http:\/\/amelix.de\/wp-content\/uploads\/2023\/10\/IMG_7613-487x600.jpg 487w, http:\/\/amelix.de\/wp-content\/uploads\/2023\/10\/IMG_7613-831x1024.jpg 831w, http:\/\/amelix.de\/wp-content\/uploads\/2023\/10\/IMG_7613-768x946.jpg 768w\" sizes=\"(max-width: 709px) 85vw, (max-width: 909px) 67vw, (max-width: 1362px) 62vw, 840px\" \/><figcaption id=\"caption-attachment-2012\" class=\"wp-caption-text\">Karte von Sina27 bei Komoot erstellten mit dem Titel &#8220; Bremen kreuz und quer&#8220;<\/figcaption><\/figure>\n<p>&nbsp;<\/p>\n","protected":false},"excerpt":{"rendered":"<p>&nbsp; Heute machen wir eine Erkundungstour mit den R\u00e4dern im Bremer Stadtwald und seiner Umgebung. &nbsp; Die Hauptattraktion im Stadtwald ist das dort befindliche Tiergehege, was man ohne Eintrittsgeb\u00fchr besuchen kann. Es bietet so allerlei f\u00fcr kleine und gro\u00dfe Menschen. &nbsp; Auch f\u00fcr Fu\u00dfg\u00e4nger ist reichlich Raum zum Bummeln in der Natur und auch nur &hellip; <a href=\"http:\/\/amelix.de\/?page_id=1981\" class=\"more-link\"><span class=\"screen-reader-text\">\u201eDie B\u00fcrgerpark &#8211; Tour im Bremer Stadtwald\u201c<\/span> weiterlesen<\/a><\/p>\n","protected":false},"author":2,"featured_media":0,"parent":0,"menu_order":0,"comment_status":"closed","ping_status":"closed","template":"","meta":[],"yoast_head":"<!-- This site is optimized with the Yoast SEO plugin v19.10 - https:\/\/yoast.com\/wordpress\/plugins\/seo\/ -->\n<title>Die B\u00fcrgerpark - Tour im Bremer Stadtwald - Amelix<\/title>\n<meta name=\"robots\" content=\"index, follow, max-snippet:-1, max-image-preview:large, max-video-preview:-1\" \/>\n<link rel=\"canonical\" href=\"http:\/\/amelix.de\/?page_id=1981\" \/>\n<meta property=\"og:locale\" content=\"de_DE\" \/>\n<meta property=\"og:type\" content=\"article\" \/>\n<meta property=\"og:title\" content=\"Die B\u00fcrgerpark - Tour im Bremer Stadtwald - Amelix\" \/>\n<meta property=\"og:description\" content=\"&nbsp; Heute machen wir eine Erkundungstour mit den R\u00e4dern im Bremer Stadtwald und seiner Umgebung. &nbsp; Die Hauptattraktion im Stadtwald ist das dort befindliche Tiergehege, was man ohne Eintrittsgeb\u00fchr besuchen kann. Es bietet so allerlei f\u00fcr kleine und gro\u00dfe Menschen. &nbsp; Auch f\u00fcr Fu\u00dfg\u00e4nger ist reichlich Raum zum Bummeln in der Natur und auch nur &hellip; \u201eDie B\u00fcrgerpark &#8211; Tour im Bremer Stadtwald\u201c weiterlesen\" \/>\n<meta property=\"og:url\" content=\"http:\/\/amelix.de\/?page_id=1981\" \/>\n<meta property=\"og:site_name\" content=\"Amelix\" \/>\n<meta property=\"article:modified_time\" content=\"2023-10-04T18:52:50+00:00\" \/>\n<meta property=\"og:image\" content=\"http:\/\/amelix.de\/wp-content\/uploads\/2023\/10\/2694DFF9-8F78-4AAA-BF84-D374E82B7BF2-9658-000007EFA10DDE8B-768x1024.jpg\" \/>\n<meta name=\"twitter:label1\" content=\"Gesch\u00e4tzte Lesezeit\" \/>\n\t<meta name=\"twitter:data1\" content=\"3\u00a0Minuten\" \/>\n<script type=\"application\/ld+json\" class=\"yoast-schema-graph\">{\"@context\":\"https:\/\/schema.org\",\"@graph\":[{\"@type\":\"WebPage\",\"@id\":\"http:\/\/amelix.de\/?page_id=1981\",\"url\":\"http:\/\/amelix.de\/?page_id=1981\",\"name\":\"Die B\u00fcrgerpark - Tour im Bremer Stadtwald - Amelix\",\"isPartOf\":{\"@id\":\"http:\/\/amelix.de\/#website\"},\"datePublished\":\"2023-10-04T18:41:59+00:00\",\"dateModified\":\"2023-10-04T18:52:50+00:00\",\"breadcrumb\":{\"@id\":\"http:\/\/amelix.de\/?page_id=1981#breadcrumb\"},\"inLanguage\":\"de\",\"potentialAction\":[{\"@type\":\"ReadAction\",\"target\":[\"http:\/\/amelix.de\/?page_id=1981\"]}]},{\"@type\":\"BreadcrumbList\",\"@id\":\"http:\/\/amelix.de\/?page_id=1981#breadcrumb\",\"itemListElement\":[{\"@type\":\"ListItem\",\"position\":1,\"name\":\"Home\",\"item\":\"http:\/\/amelix.de\/\"},{\"@type\":\"ListItem\",\"position\":2,\"name\":\"Die B\u00fcrgerpark &#8211; Tour im Bremer Stadtwald\"}]},{\"@type\":\"WebSite\",\"@id\":\"http:\/\/amelix.de\/#website\",\"url\":\"http:\/\/amelix.de\/\",\"name\":\"Amelix\",\"description\":\"Fahrradfahr-Blog f\u00fcr Best-Ager\",\"potentialAction\":[{\"@type\":\"SearchAction\",\"target\":{\"@type\":\"EntryPoint\",\"urlTemplate\":\"http:\/\/amelix.de\/?s={search_term_string}\"},\"query-input\":\"required name=search_term_string\"}],\"inLanguage\":\"de\"}]}<\/script>\n<!-- \/ Yoast SEO plugin. -->","yoast_head_json":{"title":"Die B\u00fcrgerpark - Tour im Bremer Stadtwald - Amelix","robots":{"index":"index","follow":"follow","max-snippet":"max-snippet:-1","max-image-preview":"max-image-preview:large","max-video-preview":"max-video-preview:-1"},"canonical":"http:\/\/amelix.de\/?page_id=1981","og_locale":"de_DE","og_type":"article","og_title":"Die B\u00fcrgerpark - Tour im Bremer Stadtwald - Amelix","og_description":"&nbsp; Heute machen wir eine Erkundungstour mit den R\u00e4dern im Bremer Stadtwald und seiner Umgebung. &nbsp; Die Hauptattraktion im Stadtwald ist das dort befindliche Tiergehege, was man ohne Eintrittsgeb\u00fchr besuchen kann. Es bietet so allerlei f\u00fcr kleine und gro\u00dfe Menschen. &nbsp; Auch f\u00fcr Fu\u00dfg\u00e4nger ist reichlich Raum zum Bummeln in der Natur und auch nur &hellip; \u201eDie B\u00fcrgerpark &#8211; Tour im Bremer Stadtwald\u201c weiterlesen","og_url":"http:\/\/amelix.de\/?page_id=1981","og_site_name":"Amelix","article_modified_time":"2023-10-04T18:52:50+00:00","og_image":[{"url":"http:\/\/amelix.de\/wp-content\/uploads\/2023\/10\/2694DFF9-8F78-4AAA-BF84-D374E82B7BF2-9658-000007EFA10DDE8B-768x1024.jpg"}],"twitter_misc":{"Gesch\u00e4tzte Lesezeit":"3\u00a0Minuten"},"schema":{"@context":"https:\/\/schema.org","@graph":[{"@type":"WebPage","@id":"http:\/\/amelix.de\/?page_id=1981","url":"http:\/\/amelix.de\/?page_id=1981","name":"Die B\u00fcrgerpark - Tour im Bremer Stadtwald - Amelix","isPartOf":{"@id":"http:\/\/amelix.de\/#website"},"datePublished":"2023-10-04T18:41:59+00:00","dateModified":"2023-10-04T18:52:50+00:00","breadcrumb":{"@id":"http:\/\/amelix.de\/?page_id=1981#breadcrumb"},"inLanguage":"de","potentialAction":[{"@type":"ReadAction","target":["http:\/\/amelix.de\/?page_id=1981"]}]},{"@type":"BreadcrumbList","@id":"http:\/\/amelix.de\/?page_id=1981#breadcrumb","itemListElement":[{"@type":"ListItem","position":1,"name":"Home","item":"http:\/\/amelix.de\/"},{"@type":"ListItem","position":2,"name":"Die B\u00fcrgerpark &#8211; Tour im Bremer Stadtwald"}]},{"@type":"WebSite","@id":"http:\/\/amelix.de\/#website","url":"http:\/\/amelix.de\/","name":"Amelix","description":"Fahrradfahr-Blog f\u00fcr Best-Ager","potentialAction":[{"@type":"SearchAction","target":{"@type":"EntryPoint","urlTemplate":"http:\/\/amelix.de\/?s={search_term_string}"},"query-input":"required name=search_term_string"}],"inLanguage":"de"}]}},"_links":{"self":[{"href":"http:\/\/amelix.de\/index.php?rest_route=\/wp\/v2\/pages\/1981"}],"collection":[{"href":"http:\/\/amelix.de\/index.php?rest_route=\/wp\/v2\/pages"}],"about":[{"href":"http:\/\/amelix.de\/index.php?rest_route=\/wp\/v2\/types\/page"}],"author":[{"embeddable":true,"href":"http:\/\/amelix.de\/index.php?rest_route=\/wp\/v2\/users\/2"}],"replies":[{"embeddable":true,"href":"http:\/\/amelix.de\/index.php?rest_route=%2Fwp%2Fv2%2Fcomments&post=1981"}],"version-history":[{"count":11,"href":"http:\/\/amelix.de\/index.php?rest_route=\/wp\/v2\/pages\/1981\/revisions"}],"predecessor-version":[{"id":2018,"href":"http:\/\/amelix.de\/index.php?rest_route=\/wp\/v2\/pages\/1981\/revisions\/2018"}],"wp:attachment":[{"href":"http:\/\/amelix.de\/index.php?rest_route=%2Fwp%2Fv2%2Fmedia&parent=1981"}],"curies":[{"name":"wp","href":"https:\/\/api.w.org\/{rel}","templated":true}]}}