{"id":37,"date":"2014-01-31T14:41:27","date_gmt":"2014-01-31T12:41:27","guid":{"rendered":"http:\/\/amelix.de\/?page_id=37"},"modified":"2015-02-18T20:59:29","modified_gmt":"2015-02-18T19:59:29","slug":"fahrradtour-um-den-bodensee-2006","status":"publish","type":"page","link":"http:\/\/amelix.de\/?page_id=37","title":{"rendered":"Fahrradtour um den Bodensee  September 2006"},"content":{"rendered":"<p><span style=\"color: #0000ff;\">Da wir von unserer meisten sehr flachen Fahrradstadt M\u00fcnster sehr verw\u00f6hnt sind, und nicht gerade als &#8222;Bergziegen&#8220; hier unterwegs sind, dachten wir uns, dass wir mal besser ebenfalls die, als v\u00f6llig flach gedachten, Ufer des Bodensees abfahren. Aber, weit gefehlt, dem war nicht so!!<\/span><\/p>\n<p><span style=\"color: #0000ff;\">Es ist ein st\u00e4ndiges Auf- und Ab an der Uferstrasse entlang. Direkte Wege in Wassern\u00e4he sind dort selten, wohl aber h\u00e4ufig ein Blick auf den See.Und es ist auch nicht schwierig dort zu radeln, aber es ist eben nicht so, wie man es sich vielleicht vorstellt.<\/span><\/p>\n<p><span style=\"color: #0000ff;\">Aber, wenn man sich ein wenig ausruhen m\u00f6chte, reihen sich dort viele kleine entz\u00fcckende Ort und \u00d6rtchen aneinander, die da geradezu einladen. Auch gibt es gen\u00fcgen Parks mit B\u00e4nken, oder auch nur B\u00e4nke an der Strecke. Und sollte es einmal gar nicht mehr m\u00f6glich sein zu radeln, ist eigentlich auch in schaffbarer Entfernung ein Bahnhof verf\u00fcgbar. Im schweizerischen Anteil des Bodensees hat man sogar die M\u00f6glichkeit, die Bahn, die die Strecke dort versorgt, per Knopfdruck zum Anhalten zu bringen. Es ist dort nicht \u00fcblich, da\u00df die Eisenbahn von alleine an jeder Haltestelle stoppt.\u00a0<\/span><\/p>\n<p>&nbsp;<\/p>\n<p>Start in M\u00fcnster bei 7 \u00b0,<\/p>\n<p><a  href=\"http:\/\/amelix.de\/wp-content\/uploads\/2014\/01\/Bhf.MS_.jpg\" data-rel=\"lightbox-gallery-0\" data-rl_title=\"\" data-rl_caption=\"\" title=\"\"><img loading=\"lazy\" class=\"alignnone wp-image-66 size-medium\" src=\"http:\/\/amelix.de\/wp-content\/uploads\/2014\/01\/Bhf.MS_-600x450.jpg\" alt=\"Bild: Bodensee Fahrrad Amelix\" width=\"600\" height=\"450\" srcset=\"http:\/\/amelix.de\/wp-content\/uploads\/2014\/01\/Bhf.MS_-600x450.jpg 600w, http:\/\/amelix.de\/wp-content\/uploads\/2014\/01\/Bhf.MS_-1024x768.jpg 1024w, http:\/\/amelix.de\/wp-content\/uploads\/2014\/01\/Bhf.MS_.jpg 2048w\" sizes=\"(max-width: 600px) 85vw, 600px\" \/><\/a><\/p>\n<p>&nbsp;<\/p>\n<p>um dann in Friedrichshafen bei 28\u00b0 schnell die Kleidung zu wechseln<\/p>\n<p><a  href=\"http:\/\/amelix.de\/wp-content\/uploads\/2014\/01\/DSCN7500In-Friedrichshafen-bei-28\u00b0.jpg\" data-rel=\"lightbox-gallery-0\" data-rl_title=\"\" data-rl_caption=\"\" title=\"\"><img loading=\"lazy\" class=\"alignnone wp-image-44\" src=\"http:\/\/amelix.de\/wp-content\/uploads\/2014\/01\/DSCN7500In-Friedrichshafen-bei-28\u00b0-600x450.jpg\" alt=\"Bild: Bodensee Fahrrad Amelix\" width=\"600\" height=\"450\" srcset=\"http:\/\/amelix.de\/wp-content\/uploads\/2014\/01\/DSCN7500In-Friedrichshafen-bei-28\u00b0-600x450.jpg 600w, http:\/\/amelix.de\/wp-content\/uploads\/2014\/01\/DSCN7500In-Friedrichshafen-bei-28\u00b0-1024x768.jpg 1024w, http:\/\/amelix.de\/wp-content\/uploads\/2014\/01\/DSCN7500In-Friedrichshafen-bei-28\u00b0.jpg 2048w\" sizes=\"(max-width: 600px) 85vw, 600px\" \/><\/a><\/p>\n<p>auf dem gut beschilderten Bodensee-Radweg ging es los &#8230;<\/p>\n<p><a  href=\"http:\/\/amelix.de\/wp-content\/uploads\/2014\/01\/Bodensee-Radweg.jpg\" data-rel=\"lightbox-gallery-0\" data-rl_title=\"\" data-rl_caption=\"\" title=\"\"><img loading=\"lazy\" class=\"alignnone wp-image-65 size-medium\" src=\"http:\/\/amelix.de\/wp-content\/uploads\/2014\/01\/Bodensee-Radweg-600x450.jpg\" alt=\"Bild: Bodensee Fahrrad Amelix\" width=\"600\" height=\"450\" srcset=\"http:\/\/amelix.de\/wp-content\/uploads\/2014\/01\/Bodensee-Radweg-600x450.jpg 600w, http:\/\/amelix.de\/wp-content\/uploads\/2014\/01\/Bodensee-Radweg-1024x768.jpg 1024w, http:\/\/amelix.de\/wp-content\/uploads\/2014\/01\/Bodensee-Radweg.jpg 2048w\" sizes=\"(max-width: 600px) 85vw, 600px\" \/><\/a><\/p>\n<p>durch sehr sch\u00f6ne alte St\u00e4dtchen<\/p>\n<p><a  href=\"http:\/\/amelix.de\/wp-content\/uploads\/2014\/01\/DSCN7530.jpg\" data-rel=\"lightbox-gallery-0\" data-rl_title=\"\" data-rl_caption=\"\" title=\"\"><img loading=\"lazy\" class=\"alignnone wp-image-67 size-medium\" src=\"http:\/\/amelix.de\/wp-content\/uploads\/2014\/01\/DSCN7530-600x450.jpg\" alt=\"Bild: Bodensee Fahrrad Amelix\" width=\"600\" height=\"450\" srcset=\"http:\/\/amelix.de\/wp-content\/uploads\/2014\/01\/DSCN7530-600x450.jpg 600w, http:\/\/amelix.de\/wp-content\/uploads\/2014\/01\/DSCN7530-1024x768.jpg 1024w, http:\/\/amelix.de\/wp-content\/uploads\/2014\/01\/DSCN7530.jpg 2048w\" sizes=\"(max-width: 600px) 85vw, 600px\" \/><\/a><\/p>\n<p>&nbsp;<\/p>\n<p>\u00fcber Tettnang<\/p>\n<p><a  href=\"http:\/\/amelix.de\/wp-content\/uploads\/2014\/01\/DSCN7572.jpg\" data-rel=\"lightbox-gallery-0\" data-rl_title=\"\" data-rl_caption=\"\" title=\"\"><img loading=\"lazy\" class=\"alignnone wp-image-47 size-medium\" src=\"http:\/\/amelix.de\/wp-content\/uploads\/2014\/01\/DSCN7572-600x450.jpg\" alt=\"Bild: Bodensee Fahrrad Amelix\" width=\"600\" height=\"450\" srcset=\"http:\/\/amelix.de\/wp-content\/uploads\/2014\/01\/DSCN7572-600x450.jpg 600w, http:\/\/amelix.de\/wp-content\/uploads\/2014\/01\/DSCN7572-1024x768.jpg 1024w, http:\/\/amelix.de\/wp-content\/uploads\/2014\/01\/DSCN7572.jpg 2048w\" sizes=\"(max-width: 600px) 85vw, 600px\" \/><\/a><\/p>\n<p>&nbsp;<\/p>\n<p>und dann \u00fcber die Kabelh\u00e4ngebr\u00fccke bei Kressbronn<\/p>\n<p><a  href=\"http:\/\/amelix.de\/wp-content\/uploads\/2014\/01\/Kabelh\u00e4ngebr\u00fccke-Kressbronn.jpg\" data-rel=\"lightbox-gallery-0\" data-rl_title=\"\" data-rl_caption=\"\" title=\"\"><img loading=\"lazy\" class=\"alignnone wp-image-53 size-medium\" src=\"http:\/\/amelix.de\/wp-content\/uploads\/2014\/01\/Kabelh\u00e4ngebr\u00fccke-Kressbronn-600x450.jpg\" alt=\"Bild: Bodensee Fahrrad Amelix\" width=\"600\" height=\"450\" srcset=\"http:\/\/amelix.de\/wp-content\/uploads\/2014\/01\/Kabelh\u00e4ngebr\u00fccke-Kressbronn-600x450.jpg 600w, http:\/\/amelix.de\/wp-content\/uploads\/2014\/01\/Kabelh\u00e4ngebr\u00fccke-Kressbronn-1024x768.jpg 1024w, http:\/\/amelix.de\/wp-content\/uploads\/2014\/01\/Kabelh\u00e4ngebr\u00fccke-Kressbronn.jpg 2048w\" sizes=\"(max-width: 600px) 85vw, 600px\" \/><\/a><\/p>\n<p>&nbsp;<\/p>\n<p>Richtung Nonnenhorn<\/p>\n<p><a  href=\"http:\/\/amelix.de\/wp-content\/uploads\/2014\/01\/DSCN7587.jpg\" data-rel=\"lightbox-gallery-0\" data-rl_title=\"\" data-rl_caption=\"\" title=\"\"><img loading=\"lazy\" class=\"alignnone wp-image-50 size-medium\" src=\"http:\/\/amelix.de\/wp-content\/uploads\/2014\/01\/DSCN7587-600x450.jpg\" alt=\"Bild: Bodensee Fahrrad Amelix\" width=\"600\" height=\"450\" srcset=\"http:\/\/amelix.de\/wp-content\/uploads\/2014\/01\/DSCN7587-600x450.jpg 600w, http:\/\/amelix.de\/wp-content\/uploads\/2014\/01\/DSCN7587-1024x768.jpg 1024w, http:\/\/amelix.de\/wp-content\/uploads\/2014\/01\/DSCN7587.jpg 2048w\" sizes=\"(max-width: 600px) 85vw, 600px\" \/><\/a><\/p>\n<p>&nbsp;<\/p>\n<p><a  href=\"http:\/\/amelix.de\/wp-content\/uploads\/2014\/01\/DSCN7578-1.jpg\" data-rel=\"lightbox-gallery-0\" data-rl_title=\"\" data-rl_caption=\"\" title=\"\"><img loading=\"lazy\" class=\"alignnone wp-image-48 size-medium\" src=\"http:\/\/amelix.de\/wp-content\/uploads\/2014\/01\/DSCN7578-1-600x450.jpg\" alt=\"Bild: Bodensee Fahrrad Amelix\" width=\"600\" height=\"450\" srcset=\"http:\/\/amelix.de\/wp-content\/uploads\/2014\/01\/DSCN7578-1-600x450.jpg 600w, http:\/\/amelix.de\/wp-content\/uploads\/2014\/01\/DSCN7578-1-1024x768.jpg 1024w, http:\/\/amelix.de\/wp-content\/uploads\/2014\/01\/DSCN7578-1.jpg 2048w\" sizes=\"(max-width: 600px) 85vw, 600px\" \/><\/a><\/p>\n<p>zum Hafen von Lindau<\/p>\n<p><a  href=\"http:\/\/amelix.de\/wp-content\/uploads\/2014\/01\/Lindau3.jpg\" data-rel=\"lightbox-gallery-0\" data-rl_title=\"\" data-rl_caption=\"\" title=\"\"><img loading=\"lazy\" class=\"alignnone wp-image-54 size-medium\" src=\"http:\/\/amelix.de\/wp-content\/uploads\/2014\/01\/Lindau3-600x450.jpg\" alt=\"Bild: Bodensee Fahrrad Amelix\" width=\"600\" height=\"450\" srcset=\"http:\/\/amelix.de\/wp-content\/uploads\/2014\/01\/Lindau3-600x450.jpg 600w, http:\/\/amelix.de\/wp-content\/uploads\/2014\/01\/Lindau3-1024x768.jpg 1024w, http:\/\/amelix.de\/wp-content\/uploads\/2014\/01\/Lindau3.jpg 2048w\" sizes=\"(max-width: 600px) 85vw, 600px\" \/><\/a><\/p>\n<p><a  href=\"http:\/\/amelix.de\/wp-content\/uploads\/2014\/01\/Ich1-in-Lindau.jpg\" data-rel=\"lightbox-gallery-0\" data-rl_title=\"\" data-rl_caption=\"\" title=\"\"><img loading=\"lazy\" class=\"alignnone wp-image-68 size-medium\" src=\"http:\/\/amelix.de\/wp-content\/uploads\/2014\/01\/Ich1-in-Lindau-450x600.jpg\" alt=\"Bild: Bodensee Fahrrad Amelix\" width=\"450\" height=\"600\" srcset=\"http:\/\/amelix.de\/wp-content\/uploads\/2014\/01\/Ich1-in-Lindau-450x600.jpg 450w, http:\/\/amelix.de\/wp-content\/uploads\/2014\/01\/Ich1-in-Lindau-768x1024.jpg 768w, http:\/\/amelix.de\/wp-content\/uploads\/2014\/01\/Ich1-in-Lindau.jpg 1536w\" sizes=\"(max-width: 450px) 85vw, 450px\" \/><\/a><\/p>\n<p>und weiter Richtung Schweiz&#8230;.<\/p>\n<p>Blick \u00fcber Bregenz und die \u00a0schweizerische Seite des Bodensee-Radweges<\/p>\n<p><a  href=\"http:\/\/amelix.de\/wp-content\/uploads\/2014\/01\/DSCN7603.jpg\" data-rel=\"lightbox-gallery-0\" data-rl_title=\"\" data-rl_caption=\"\" title=\"\"><img loading=\"lazy\" class=\"alignnone wp-image-51 size-medium\" src=\"http:\/\/amelix.de\/wp-content\/uploads\/2014\/01\/DSCN7603-600x450.jpg\" alt=\"Bild: Bodensee Fahrrad Amelix\" width=\"600\" height=\"450\" srcset=\"http:\/\/amelix.de\/wp-content\/uploads\/2014\/01\/DSCN7603-600x450.jpg 600w, http:\/\/amelix.de\/wp-content\/uploads\/2014\/01\/DSCN7603-1024x768.jpg 1024w, http:\/\/amelix.de\/wp-content\/uploads\/2014\/01\/DSCN7603.jpg 2048w\" sizes=\"(max-width: 600px) 85vw, 600px\" \/><\/a><\/p>\n<p>Blick \u00fcber Bregenz und die \u00a0deutsche Seite des Bodensee-Radweges<span style=\"font-size: 13px;\">\u00a0<\/span><\/p>\n<p><a  href=\"http:\/\/amelix.de\/wp-content\/uploads\/2014\/01\/DSCN7604.jpg\" data-rel=\"lightbox-gallery-0\" data-rl_title=\"\" data-rl_caption=\"\" title=\"\"><img loading=\"lazy\" class=\"alignnone wp-image-52 size-medium\" src=\"http:\/\/amelix.de\/wp-content\/uploads\/2014\/01\/DSCN7604-600x450.jpg\" alt=\"Bild: Bodensee Fahrrad Amelix\" width=\"600\" height=\"450\" srcset=\"http:\/\/amelix.de\/wp-content\/uploads\/2014\/01\/DSCN7604-600x450.jpg 600w, http:\/\/amelix.de\/wp-content\/uploads\/2014\/01\/DSCN7604-1024x768.jpg 1024w, http:\/\/amelix.de\/wp-content\/uploads\/2014\/01\/DSCN7604.jpg 2048w\" sizes=\"(max-width: 600px) 85vw, 600px\" \/><\/a><\/p>\n<p>dann begann die Schweiz und wir nahmen Quartier nahe von Arbon<\/p>\n<p><a  href=\"http:\/\/amelix.de\/wp-content\/uploads\/2014\/01\/DSCN7629.jpg\" data-rel=\"lightbox-gallery-0\" data-rl_title=\"\" data-rl_caption=\"\" title=\"\"><img loading=\"lazy\" class=\"alignnone wp-image-60 size-medium\" src=\"http:\/\/amelix.de\/wp-content\/uploads\/2014\/01\/DSCN7629-600x450.jpg\" alt=\"Bild: Bodensee Fahrrad Amelix\" width=\"600\" height=\"450\" srcset=\"http:\/\/amelix.de\/wp-content\/uploads\/2014\/01\/DSCN7629-600x450.jpg 600w, http:\/\/amelix.de\/wp-content\/uploads\/2014\/01\/DSCN7629-1024x768.jpg 1024w, http:\/\/amelix.de\/wp-content\/uploads\/2014\/01\/DSCN7629.jpg 2048w\" sizes=\"(max-width: 600px) 85vw, 600px\" \/><\/a><\/p>\n<p>&nbsp;<\/p>\n<p>wo wir f\u00fcrchterlich vom Regnen erwischt wurden<\/p>\n<p><a  href=\"http:\/\/amelix.de\/wp-content\/uploads\/2014\/01\/DSCN7636.jpg\" data-rel=\"lightbox-gallery-0\" data-rl_title=\"\" data-rl_caption=\"\" title=\"\"><img loading=\"lazy\" class=\"alignnone wp-image-61 size-medium\" src=\"http:\/\/amelix.de\/wp-content\/uploads\/2014\/01\/DSCN7636-600x450.jpg\" alt=\"Bild: Bodensee Fahrrad Amelix\" width=\"600\" height=\"450\" srcset=\"http:\/\/amelix.de\/wp-content\/uploads\/2014\/01\/DSCN7636-600x450.jpg 600w, http:\/\/amelix.de\/wp-content\/uploads\/2014\/01\/DSCN7636-1024x768.jpg 1024w, http:\/\/amelix.de\/wp-content\/uploads\/2014\/01\/DSCN7636.jpg 2048w\" sizes=\"(max-width: 600px) 85vw, 600px\" \/><\/a> <a  href=\"http:\/\/amelix.de\/wp-content\/uploads\/2014\/01\/DSCN7637.jpg\" data-rel=\"lightbox-gallery-0\" data-rl_title=\"\" data-rl_caption=\"\" title=\"\"><img loading=\"lazy\" class=\"alignnone wp-image-62 size-medium\" src=\"http:\/\/amelix.de\/wp-content\/uploads\/2014\/01\/DSCN7637-600x450.jpg\" alt=\"Bild: Bodensee Fahrrad Amelix\" width=\"600\" height=\"450\" srcset=\"http:\/\/amelix.de\/wp-content\/uploads\/2014\/01\/DSCN7637-600x450.jpg 600w, http:\/\/amelix.de\/wp-content\/uploads\/2014\/01\/DSCN7637-1024x768.jpg 1024w, http:\/\/amelix.de\/wp-content\/uploads\/2014\/01\/DSCN7637.jpg 2048w\" sizes=\"(max-width: 600px) 85vw, 600px\" \/><\/a><\/p>\n<p>und dann immer am gut ausgebauten Bodensee-Uferweg nach Stein am Rhein<\/p>\n<p><a  href=\"http:\/\/amelix.de\/wp-content\/uploads\/2014\/01\/DSCN7612.jpg\" data-rel=\"lightbox-gallery-0\" data-rl_title=\"\" data-rl_caption=\"\" title=\"\"><img loading=\"lazy\" class=\"alignnone wp-image-55 size-medium\" src=\"http:\/\/amelix.de\/wp-content\/uploads\/2014\/01\/DSCN7612-600x450.jpg\" alt=\"Bild: Bodensee Fahrrad Amelix\" width=\"600\" height=\"450\" srcset=\"http:\/\/amelix.de\/wp-content\/uploads\/2014\/01\/DSCN7612-600x450.jpg 600w, http:\/\/amelix.de\/wp-content\/uploads\/2014\/01\/DSCN7612-1024x768.jpg 1024w, http:\/\/amelix.de\/wp-content\/uploads\/2014\/01\/DSCN7612.jpg 2048w\" sizes=\"(max-width: 600px) 85vw, 600px\" \/><\/a><\/p>\n<p>dann kam ein gr\u00f6sseres Waldst\u00fcck, in dessen Mitte der deutsch\/schweizerische Grenzpfosten stand<\/p>\n<p><a  href=\"http:\/\/amelix.de\/wp-content\/uploads\/2014\/01\/DSCN7615.jpg\" data-rel=\"lightbox-gallery-0\" data-rl_title=\"\" data-rl_caption=\"\" title=\"\"><img loading=\"lazy\" class=\"alignnone wp-image-56 size-medium\" src=\"http:\/\/amelix.de\/wp-content\/uploads\/2014\/01\/DSCN7615-600x450.jpg\" alt=\"Bild: Bodensee Fahrrad Amelix\" width=\"600\" height=\"450\" srcset=\"http:\/\/amelix.de\/wp-content\/uploads\/2014\/01\/DSCN7615-600x450.jpg 600w, http:\/\/amelix.de\/wp-content\/uploads\/2014\/01\/DSCN7615-1024x768.jpg 1024w, http:\/\/amelix.de\/wp-content\/uploads\/2014\/01\/DSCN7615.jpg 2048w\" sizes=\"(max-width: 600px) 85vw, 600px\" \/><\/a><\/p>\n<p>und danach folgte schon der Rheinfall von Schaffhausen<\/p>\n<p><a  href=\"http:\/\/amelix.de\/wp-content\/uploads\/2014\/01\/DSCN7623.jpg\" data-rel=\"lightbox-gallery-0\" data-rl_title=\"\" data-rl_caption=\"\" title=\"\"><img loading=\"lazy\" class=\"alignnone wp-image-58 size-medium\" src=\"http:\/\/amelix.de\/wp-content\/uploads\/2014\/01\/DSCN7623-600x450.jpg\" alt=\"Bild: Bodensee Fahrrad Amelix\" width=\"600\" height=\"450\" srcset=\"http:\/\/amelix.de\/wp-content\/uploads\/2014\/01\/DSCN7623-600x450.jpg 600w, http:\/\/amelix.de\/wp-content\/uploads\/2014\/01\/DSCN7623-1024x768.jpg 1024w, http:\/\/amelix.de\/wp-content\/uploads\/2014\/01\/DSCN7623.jpg 2048w\" sizes=\"(max-width: 600px) 85vw, 600px\" \/><\/a><\/p>\n<p>danach besuchten wir die&#8220; Kohlinsel&#8220; Reichenau&#8220;<\/p>\n<p><a  href=\"http:\/\/amelix.de\/wp-content\/uploads\/2014\/01\/DSCN7625.jpg\" data-rel=\"lightbox-gallery-0\" data-rl_title=\"\" data-rl_caption=\"\" title=\"\"><img loading=\"lazy\" class=\"alignnone wp-image-59 size-medium\" src=\"http:\/\/amelix.de\/wp-content\/uploads\/2014\/01\/DSCN7625-600x450.jpg\" alt=\"Bild: Bodensee Fahrrad Amelix\" width=\"600\" height=\"450\" srcset=\"http:\/\/amelix.de\/wp-content\/uploads\/2014\/01\/DSCN7625-600x450.jpg 600w, http:\/\/amelix.de\/wp-content\/uploads\/2014\/01\/DSCN7625-1024x768.jpg 1024w, http:\/\/amelix.de\/wp-content\/uploads\/2014\/01\/DSCN7625.jpg 2048w\" sizes=\"(max-width: 600px) 85vw, 600px\" \/><\/a><\/p>\n<p>&nbsp;<\/p>\n<p>&nbsp;<\/p>\n<p>um von Kreuzlingen aus , mit der F\u00e4hre im Nebel&#8230;&#8230;<\/p>\n<p><a  href=\"http:\/\/amelix.de\/wp-content\/uploads\/2014\/01\/F\u00e4hre...jpg\" data-rel=\"lightbox-gallery-0\" data-rl_title=\"\" data-rl_caption=\"\" title=\"\"><img loading=\"lazy\" class=\"alignnone wp-image-63 size-medium\" src=\"http:\/\/amelix.de\/wp-content\/uploads\/2014\/01\/F\u00e4hre..-600x450.jpg\" alt=\"Bild: Bodensee Fahrrad Amelix\" width=\"600\" height=\"450\" srcset=\"http:\/\/amelix.de\/wp-content\/uploads\/2014\/01\/F\u00e4hre..-600x450.jpg 600w, http:\/\/amelix.de\/wp-content\/uploads\/2014\/01\/F\u00e4hre..-1024x768.jpg 1024w, http:\/\/amelix.de\/wp-content\/uploads\/2014\/01\/F\u00e4hre...jpg 2048w\" sizes=\"(max-width: 600px) 85vw, 600px\" \/><\/a><\/p>\n<p>nach Ludwigshafen zu schippern<\/p>\n<p>Dort nahmen wir die Bahn<\/p>\n<p><a  href=\"http:\/\/amelix.de\/wp-content\/uploads\/2014\/01\/DSCN7536.jpg\" data-rel=\"lightbox-gallery-0\" data-rl_title=\"\" data-rl_caption=\"\" title=\"\"><img loading=\"lazy\" class=\"alignnone wp-image-69 size-medium\" src=\"http:\/\/amelix.de\/wp-content\/uploads\/2014\/01\/DSCN7536-600x450.jpg\" alt=\"Bild: Bodensee Fahrrad Amelix\" width=\"600\" height=\"450\" srcset=\"http:\/\/amelix.de\/wp-content\/uploads\/2014\/01\/DSCN7536-600x450.jpg 600w, http:\/\/amelix.de\/wp-content\/uploads\/2014\/01\/DSCN7536-1024x768.jpg 1024w, http:\/\/amelix.de\/wp-content\/uploads\/2014\/01\/DSCN7536.jpg 2048w\" sizes=\"(max-width: 600px) 85vw, 600px\" \/><\/a><\/p>\n<p>um von Friedrichshafen aus wieder gen M\u00fcnster zu fahren.<\/p>\n<p><a  href=\"http:\/\/amelix.de\/wp-content\/uploads\/2014\/01\/Ankunft-in-Friedrichshafen.jpg\" data-rel=\"lightbox-gallery-0\" data-rl_title=\"\" data-rl_caption=\"\" title=\"\"><img loading=\"lazy\" class=\"alignnone wp-image-70 size-medium\" src=\"http:\/\/amelix.de\/wp-content\/uploads\/2014\/01\/Ankunft-in-Friedrichshafen-600x450.jpg\" alt=\"Bild: Bodensee Fahrrad Amelix\" width=\"600\" height=\"450\" srcset=\"http:\/\/amelix.de\/wp-content\/uploads\/2014\/01\/Ankunft-in-Friedrichshafen-600x450.jpg 600w, http:\/\/amelix.de\/wp-content\/uploads\/2014\/01\/Ankunft-in-Friedrichshafen-1024x768.jpg 1024w, http:\/\/amelix.de\/wp-content\/uploads\/2014\/01\/Ankunft-in-Friedrichshafen.jpg 2048w\" sizes=\"(max-width: 600px) 85vw, 600px\" \/><\/a><\/p>\n<p>&nbsp;<\/p>\n<p>&nbsp;<\/p>\n<p>&nbsp;<\/p>\n<p>&nbsp;<\/p>\n<p>&nbsp;<\/p>\n<p>&nbsp;<\/p>\n<p>&nbsp;<\/p>\n<p>&nbsp;<\/p>\n<p>&nbsp;<\/p>\n<p>&nbsp;<\/p>\n<p>&nbsp;<\/p>\n<p>&nbsp;<\/p>\n<p>&nbsp;<\/p>\n<p>&nbsp;<\/p>\n<p>&nbsp;<\/p>\n<p>&nbsp;<\/p>\n<p>&nbsp;<\/p>\n<p>&nbsp;<\/p>\n<p>&nbsp;<\/p>\n<p>&nbsp;<\/p>\n<p>&nbsp;<\/p>\n<p>&nbsp;<\/p>\n<p>&nbsp;<\/p>\n<p>&nbsp;<\/p>\n<p>&nbsp;<\/p>\n<p>&nbsp;<\/p>\n","protected":false},"excerpt":{"rendered":"<p>Da wir von unserer meisten sehr flachen Fahrradstadt M\u00fcnster sehr verw\u00f6hnt sind, und nicht gerade als &#8222;Bergziegen&#8220; hier unterwegs sind, dachten wir uns, dass wir mal besser ebenfalls die, als v\u00f6llig flach gedachten, Ufer des Bodensees abfahren. Aber, weit gefehlt, dem war nicht so!! Es ist ein st\u00e4ndiges Auf- und Ab an der Uferstrasse entlang. &hellip; <a href=\"http:\/\/amelix.de\/?page_id=37\" class=\"more-link\"><span class=\"screen-reader-text\">\u201eFahrradtour um den Bodensee  September 2006\u201c<\/span> weiterlesen<\/a><\/p>\n","protected":false},"author":2,"featured_media":0,"parent":206,"menu_order":0,"comment_status":"open","ping_status":"closed","template":"","meta":[],"yoast_head":"<!-- This site is optimized with the Yoast SEO plugin v19.10 - https:\/\/yoast.com\/wordpress\/plugins\/seo\/ -->\n<title>Fahrradtour um den Bodensee September 2006 - Amelix<\/title>\n<meta name=\"robots\" content=\"index, follow, max-snippet:-1, max-image-preview:large, max-video-preview:-1\" \/>\n<link rel=\"canonical\" href=\"http:\/\/amelix.de\/?page_id=37\" \/>\n<meta property=\"og:locale\" content=\"de_DE\" \/>\n<meta property=\"og:type\" content=\"article\" \/>\n<meta property=\"og:title\" content=\"Fahrradtour um den Bodensee September 2006 - Amelix\" \/>\n<meta property=\"og:description\" content=\"Da wir von unserer meisten sehr flachen Fahrradstadt M\u00fcnster sehr verw\u00f6hnt sind, und nicht gerade als &#8222;Bergziegen&#8220; hier unterwegs sind, dachten wir uns, dass wir mal besser ebenfalls die, als v\u00f6llig flach gedachten, Ufer des Bodensees abfahren. Aber, weit gefehlt, dem war nicht so!! Es ist ein st\u00e4ndiges Auf- und Ab an der Uferstrasse entlang. &hellip; \u201eFahrradtour um den Bodensee September 2006\u201c weiterlesen\" \/>\n<meta property=\"og:url\" content=\"http:\/\/amelix.de\/?page_id=37\" \/>\n<meta property=\"og:site_name\" content=\"Amelix\" \/>\n<meta property=\"article:modified_time\" content=\"2015-02-18T19:59:29+00:00\" \/>\n<meta property=\"og:image\" content=\"http:\/\/amelix.de\/wp-content\/uploads\/2014\/01\/Bhf.MS_-600x450.jpg\" \/>\n<meta name=\"twitter:label1\" content=\"Gesch\u00e4tzte Lesezeit\" \/>\n\t<meta name=\"twitter:data1\" content=\"2\u00a0Minuten\" \/>\n<script type=\"application\/ld+json\" class=\"yoast-schema-graph\">{\"@context\":\"https:\/\/schema.org\",\"@graph\":[{\"@type\":\"WebPage\",\"@id\":\"http:\/\/amelix.de\/?page_id=37\",\"url\":\"http:\/\/amelix.de\/?page_id=37\",\"name\":\"Fahrradtour um den Bodensee September 2006 - Amelix\",\"isPartOf\":{\"@id\":\"http:\/\/amelix.de\/#website\"},\"datePublished\":\"2014-01-31T12:41:27+00:00\",\"dateModified\":\"2015-02-18T19:59:29+00:00\",\"breadcrumb\":{\"@id\":\"http:\/\/amelix.de\/?page_id=37#breadcrumb\"},\"inLanguage\":\"de\",\"potentialAction\":[{\"@type\":\"ReadAction\",\"target\":[\"http:\/\/amelix.de\/?page_id=37\"]}]},{\"@type\":\"BreadcrumbList\",\"@id\":\"http:\/\/amelix.de\/?page_id=37#breadcrumb\",\"itemListElement\":[{\"@type\":\"ListItem\",\"position\":1,\"name\":\"Home\",\"item\":\"http:\/\/amelix.de\/\"},{\"@type\":\"ListItem\",\"position\":2,\"name\":\"Unsere Fahrradtouren\",\"item\":\"http:\/\/amelix.de\/?page_id=206\"},{\"@type\":\"ListItem\",\"position\":3,\"name\":\"Fahrradtour um den Bodensee September 2006\"}]},{\"@type\":\"WebSite\",\"@id\":\"http:\/\/amelix.de\/#website\",\"url\":\"http:\/\/amelix.de\/\",\"name\":\"Amelix\",\"description\":\"Fahrradfahr-Blog f\u00fcr Best-Ager\",\"potentialAction\":[{\"@type\":\"SearchAction\",\"target\":{\"@type\":\"EntryPoint\",\"urlTemplate\":\"http:\/\/amelix.de\/?s={search_term_string}\"},\"query-input\":\"required name=search_term_string\"}],\"inLanguage\":\"de\"}]}<\/script>\n<!-- \/ Yoast SEO plugin. -->","yoast_head_json":{"title":"Fahrradtour um den Bodensee September 2006 - Amelix","robots":{"index":"index","follow":"follow","max-snippet":"max-snippet:-1","max-image-preview":"max-image-preview:large","max-video-preview":"max-video-preview:-1"},"canonical":"http:\/\/amelix.de\/?page_id=37","og_locale":"de_DE","og_type":"article","og_title":"Fahrradtour um den Bodensee September 2006 - Amelix","og_description":"Da wir von unserer meisten sehr flachen Fahrradstadt M\u00fcnster sehr verw\u00f6hnt sind, und nicht gerade als &#8222;Bergziegen&#8220; hier unterwegs sind, dachten wir uns, dass wir mal besser ebenfalls die, als v\u00f6llig flach gedachten, Ufer des Bodensees abfahren. Aber, weit gefehlt, dem war nicht so!! Es ist ein st\u00e4ndiges Auf- und Ab an der Uferstrasse entlang. &hellip; \u201eFahrradtour um den Bodensee September 2006\u201c weiterlesen","og_url":"http:\/\/amelix.de\/?page_id=37","og_site_name":"Amelix","article_modified_time":"2015-02-18T19:59:29+00:00","og_image":[{"url":"http:\/\/amelix.de\/wp-content\/uploads\/2014\/01\/Bhf.MS_-600x450.jpg"}],"twitter_misc":{"Gesch\u00e4tzte Lesezeit":"2\u00a0Minuten"},"schema":{"@context":"https:\/\/schema.org","@graph":[{"@type":"WebPage","@id":"http:\/\/amelix.de\/?page_id=37","url":"http:\/\/amelix.de\/?page_id=37","name":"Fahrradtour um den Bodensee September 2006 - Amelix","isPartOf":{"@id":"http:\/\/amelix.de\/#website"},"datePublished":"2014-01-31T12:41:27+00:00","dateModified":"2015-02-18T19:59:29+00:00","breadcrumb":{"@id":"http:\/\/amelix.de\/?page_id=37#breadcrumb"},"inLanguage":"de","potentialAction":[{"@type":"ReadAction","target":["http:\/\/amelix.de\/?page_id=37"]}]},{"@type":"BreadcrumbList","@id":"http:\/\/amelix.de\/?page_id=37#breadcrumb","itemListElement":[{"@type":"ListItem","position":1,"name":"Home","item":"http:\/\/amelix.de\/"},{"@type":"ListItem","position":2,"name":"Unsere Fahrradtouren","item":"http:\/\/amelix.de\/?page_id=206"},{"@type":"ListItem","position":3,"name":"Fahrradtour um den Bodensee September 2006"}]},{"@type":"WebSite","@id":"http:\/\/amelix.de\/#website","url":"http:\/\/amelix.de\/","name":"Amelix","description":"Fahrradfahr-Blog f\u00fcr Best-Ager","potentialAction":[{"@type":"SearchAction","target":{"@type":"EntryPoint","urlTemplate":"http:\/\/amelix.de\/?s={search_term_string}"},"query-input":"required name=search_term_string"}],"inLanguage":"de"}]}},"_links":{"self":[{"href":"http:\/\/amelix.de\/index.php?rest_route=\/wp\/v2\/pages\/37"}],"collection":[{"href":"http:\/\/amelix.de\/index.php?rest_route=\/wp\/v2\/pages"}],"about":[{"href":"http:\/\/amelix.de\/index.php?rest_route=\/wp\/v2\/types\/page"}],"author":[{"embeddable":true,"href":"http:\/\/amelix.de\/index.php?rest_route=\/wp\/v2\/users\/2"}],"replies":[{"embeddable":true,"href":"http:\/\/amelix.de\/index.php?rest_route=%2Fwp%2Fv2%2Fcomments&post=37"}],"version-history":[{"count":6,"href":"http:\/\/amelix.de\/index.php?rest_route=\/wp\/v2\/pages\/37\/revisions"}],"predecessor-version":[{"id":904,"href":"http:\/\/amelix.de\/index.php?rest_route=\/wp\/v2\/pages\/37\/revisions\/904"}],"up":[{"embeddable":true,"href":"http:\/\/amelix.de\/index.php?rest_route=\/wp\/v2\/pages\/206"}],"wp:attachment":[{"href":"http:\/\/amelix.de\/index.php?rest_route=%2Fwp%2Fv2%2Fmedia&parent=37"}],"curies":[{"name":"wp","href":"https:\/\/api.w.org\/{rel}","templated":true}]}}