{"id":604,"date":"2014-03-15T17:39:26","date_gmt":"2014-03-15T16:39:26","guid":{"rendered":"http:\/\/amelix.de\/?page_id=604"},"modified":"2019-12-09T22:29:21","modified_gmt":"2019-12-09T21:29:21","slug":"streckeninformationen-muenster-fahrradfahren","status":"publish","type":"page","link":"http:\/\/amelix.de\/?page_id=604","title":{"rendered":"Fahrradfahren in und um M\u00fcnster"},"content":{"rendered":"<p><span style=\"color: #800080;\">..da in M\u00fcnster immer Fahrradsaison ist, m\u00f6chten wir diese Seite \u00a0erweitern. Und zwar um Streckeninformationen, die wir als wichtig betrachten. Besonders f\u00fcr Fahrradfahrer, die von ausserhalb kommen, um das M\u00fcnsterland zu erradeln.<\/span><\/p>\n<p><span style=\"color: #800080;\"><img loading=\"lazy\" class=\"alignnone wp-image-1062 size-medium\" src=\"http:\/\/amelix.de\/wp-content\/uploads\/2019\/12\/0016921-Arbeitskopie-2-600x397.jpg\" alt=\"\" width=\"600\" height=\"397\" srcset=\"http:\/\/amelix.de\/wp-content\/uploads\/2019\/12\/0016921-Arbeitskopie-2-600x397.jpg 600w, http:\/\/amelix.de\/wp-content\/uploads\/2019\/12\/0016921-Arbeitskopie-2-1024x678.jpg 1024w, http:\/\/amelix.de\/wp-content\/uploads\/2019\/12\/0016921-Arbeitskopie-2-768x509.jpg 768w, http:\/\/amelix.de\/wp-content\/uploads\/2019\/12\/0016921-Arbeitskopie-2-1536x1017.jpg 1536w, http:\/\/amelix.de\/wp-content\/uploads\/2019\/12\/0016921-Arbeitskopie-2-2048x1356.jpg 2048w\" sizes=\"(max-width: 600px) 85vw, 600px\" \/><\/span><\/p>\n","protected":false},"excerpt":{"rendered":"<p>..da in M\u00fcnster immer Fahrradsaison ist, m\u00f6chten wir diese Seite \u00a0erweitern. Und zwar um Streckeninformationen, die wir als wichtig betrachten. Besonders f\u00fcr Fahrradfahrer, die von ausserhalb kommen, um das M\u00fcnsterland zu erradeln.<\/p>\n","protected":false},"author":2,"featured_media":0,"parent":0,"menu_order":0,"comment_status":"open","ping_status":"open","template":"","meta":[],"yoast_head":"<!-- This site is optimized with the Yoast SEO plugin v19.10 - https:\/\/yoast.com\/wordpress\/plugins\/seo\/ -->\n<title>Fahrradfahren in und um M\u00fcnster,Streckeninformationen f\u00fcr M\u00fcnster<\/title>\n<meta name=\"description\" content=\"Streckeninformationen- die wir wichtig finden f\u00fcr Fahrradfahrer, die das M\u00fcnsterland per Fahrrad kennenlernen wollen.Fahrradfahren in und um M\u00fcnster\" \/>\n<meta name=\"robots\" content=\"index, follow, max-snippet:-1, max-image-preview:large, max-video-preview:-1\" \/>\n<link rel=\"canonical\" href=\"http:\/\/amelix.de\/?page_id=604\" \/>\n<meta property=\"og:locale\" content=\"de_DE\" \/>\n<meta property=\"og:type\" content=\"article\" \/>\n<meta property=\"og:title\" content=\"Fahrradfahren in und um M\u00fcnster,Streckeninformationen f\u00fcr M\u00fcnster\" \/>\n<meta property=\"og:description\" content=\"Streckeninformationen- die wir wichtig finden f\u00fcr Fahrradfahrer, die das M\u00fcnsterland per Fahrrad kennenlernen wollen.Fahrradfahren in und um M\u00fcnster\" \/>\n<meta property=\"og:url\" content=\"http:\/\/amelix.de\/?page_id=604\" \/>\n<meta property=\"og:site_name\" content=\"Amelix\" \/>\n<meta property=\"article:modified_time\" content=\"2019-12-09T21:29:21+00:00\" \/>\n<meta property=\"og:image\" content=\"http:\/\/amelix.de\/wp-content\/uploads\/2019\/12\/0016921-Arbeitskopie-2-600x397.jpg\" \/>\n<script type=\"application\/ld+json\" class=\"yoast-schema-graph\">{\"@context\":\"https:\/\/schema.org\",\"@graph\":[{\"@type\":\"WebPage\",\"@id\":\"http:\/\/amelix.de\/?page_id=604\",\"url\":\"http:\/\/amelix.de\/?page_id=604\",\"name\":\"Fahrradfahren in und um M\u00fcnster,Streckeninformationen f\u00fcr M\u00fcnster\",\"isPartOf\":{\"@id\":\"http:\/\/amelix.de\/#website\"},\"datePublished\":\"2014-03-15T16:39:26+00:00\",\"dateModified\":\"2019-12-09T21:29:21+00:00\",\"description\":\"Streckeninformationen- die wir wichtig finden f\u00fcr Fahrradfahrer, die das M\u00fcnsterland per Fahrrad kennenlernen wollen.Fahrradfahren in und um M\u00fcnster\",\"breadcrumb\":{\"@id\":\"http:\/\/amelix.de\/?page_id=604#breadcrumb\"},\"inLanguage\":\"de\",\"potentialAction\":[{\"@type\":\"ReadAction\",\"target\":[\"http:\/\/amelix.de\/?page_id=604\"]}]},{\"@type\":\"BreadcrumbList\",\"@id\":\"http:\/\/amelix.de\/?page_id=604#breadcrumb\",\"itemListElement\":[{\"@type\":\"ListItem\",\"position\":1,\"name\":\"Home\",\"item\":\"http:\/\/amelix.de\/\"},{\"@type\":\"ListItem\",\"position\":2,\"name\":\"Fahrradfahren in und um M\u00fcnster\"}]},{\"@type\":\"WebSite\",\"@id\":\"http:\/\/amelix.de\/#website\",\"url\":\"http:\/\/amelix.de\/\",\"name\":\"Amelix\",\"description\":\"Fahrradfahr-Blog f\u00fcr Best-Ager\",\"potentialAction\":[{\"@type\":\"SearchAction\",\"target\":{\"@type\":\"EntryPoint\",\"urlTemplate\":\"http:\/\/amelix.de\/?s={search_term_string}\"},\"query-input\":\"required name=search_term_string\"}],\"inLanguage\":\"de\"}]}<\/script>\n<!-- \/ Yoast SEO plugin. -->","yoast_head_json":{"title":"Fahrradfahren in und um M\u00fcnster,Streckeninformationen f\u00fcr M\u00fcnster","description":"Streckeninformationen- die wir wichtig finden f\u00fcr Fahrradfahrer, die das M\u00fcnsterland per Fahrrad kennenlernen wollen.Fahrradfahren in und um M\u00fcnster","robots":{"index":"index","follow":"follow","max-snippet":"max-snippet:-1","max-image-preview":"max-image-preview:large","max-video-preview":"max-video-preview:-1"},"canonical":"http:\/\/amelix.de\/?page_id=604","og_locale":"de_DE","og_type":"article","og_title":"Fahrradfahren in und um M\u00fcnster,Streckeninformationen f\u00fcr M\u00fcnster","og_description":"Streckeninformationen- die wir wichtig finden f\u00fcr Fahrradfahrer, die das M\u00fcnsterland per Fahrrad kennenlernen wollen.Fahrradfahren in und um M\u00fcnster","og_url":"http:\/\/amelix.de\/?page_id=604","og_site_name":"Amelix","article_modified_time":"2019-12-09T21:29:21+00:00","og_image":[{"url":"http:\/\/amelix.de\/wp-content\/uploads\/2019\/12\/0016921-Arbeitskopie-2-600x397.jpg"}],"schema":{"@context":"https:\/\/schema.org","@graph":[{"@type":"WebPage","@id":"http:\/\/amelix.de\/?page_id=604","url":"http:\/\/amelix.de\/?page_id=604","name":"Fahrradfahren in und um M\u00fcnster,Streckeninformationen f\u00fcr M\u00fcnster","isPartOf":{"@id":"http:\/\/amelix.de\/#website"},"datePublished":"2014-03-15T16:39:26+00:00","dateModified":"2019-12-09T21:29:21+00:00","description":"Streckeninformationen- die wir wichtig finden f\u00fcr Fahrradfahrer, die das M\u00fcnsterland per Fahrrad kennenlernen wollen.Fahrradfahren in und um M\u00fcnster","breadcrumb":{"@id":"http:\/\/amelix.de\/?page_id=604#breadcrumb"},"inLanguage":"de","potentialAction":[{"@type":"ReadAction","target":["http:\/\/amelix.de\/?page_id=604"]}]},{"@type":"BreadcrumbList","@id":"http:\/\/amelix.de\/?page_id=604#breadcrumb","itemListElement":[{"@type":"ListItem","position":1,"name":"Home","item":"http:\/\/amelix.de\/"},{"@type":"ListItem","position":2,"name":"Fahrradfahren in und um M\u00fcnster"}]},{"@type":"WebSite","@id":"http:\/\/amelix.de\/#website","url":"http:\/\/amelix.de\/","name":"Amelix","description":"Fahrradfahr-Blog f\u00fcr Best-Ager","potentialAction":[{"@type":"SearchAction","target":{"@type":"EntryPoint","urlTemplate":"http:\/\/amelix.de\/?s={search_term_string}"},"query-input":"required name=search_term_string"}],"inLanguage":"de"}]}},"_links":{"self":[{"href":"http:\/\/amelix.de\/index.php?rest_route=\/wp\/v2\/pages\/604"}],"collection":[{"href":"http:\/\/amelix.de\/index.php?rest_route=\/wp\/v2\/pages"}],"about":[{"href":"http:\/\/amelix.de\/index.php?rest_route=\/wp\/v2\/types\/page"}],"author":[{"embeddable":true,"href":"http:\/\/amelix.de\/index.php?rest_route=\/wp\/v2\/users\/2"}],"replies":[{"embeddable":true,"href":"http:\/\/amelix.de\/index.php?rest_route=%2Fwp%2Fv2%2Fcomments&post=604"}],"version-history":[{"count":15,"href":"http:\/\/amelix.de\/index.php?rest_route=\/wp\/v2\/pages\/604\/revisions"}],"predecessor-version":[{"id":1144,"href":"http:\/\/amelix.de\/index.php?rest_route=\/wp\/v2\/pages\/604\/revisions\/1144"}],"wp:attachment":[{"href":"http:\/\/amelix.de\/index.php?rest_route=%2Fwp%2Fv2%2Fmedia&parent=604"}],"curies":[{"name":"wp","href":"https:\/\/api.w.org\/{rel}","templated":true}]}}

Fahrradfahren in und um Münster

<p><span style="color: #800080;">..da in Münster immer Fahrradsaison ist, möchten wir diese Seite  erweitern. Und zwar um Streckeninformationen, die wir als wichtig betrachten. Besonders für Fahrradfahrer, die von ausserhalb kommen, um das Münsterland zu erradeln.</span></p>
<p><span style="color: #800080;"><img loading="lazy" class="alignnone wp-image-1062 size-medium" src="http://amelix.de/wp-content/uploads/2019/12/0016921-Arbeitskopie-2-600x397.jpg" alt="" width="600" height="397" srcset="http://amelix.de/wp-content/uploads/2019/12/0016921-Arbeitskopie-2-600x397.jpg 600w, http://amelix.de/wp-content/uploads/2019/12/0016921-Arbeitskopie-2-1024x678.jpg 1024w, http://amelix.de/wp-content/uploads/2019/12/0016921-Arbeitskopie-2-768x509.jpg 768w, http://amelix.de/wp-content/uploads/2019/12/0016921-Arbeitskopie-2-1536x1017.jpg 1536w, http://amelix.de/wp-content/uploads/2019/12/0016921-Arbeitskopie-2-2048x1356.jpg 2048w" sizes="(max-width: 600px) 85vw, 600px" /></span></p>

<p>..da in Münster immer Fahrradsaison ist, möchten wir diese Seite  erweitern. Und zwar um Streckeninformationen, die wir als wichtig betrachten. Besonders für Fahrradfahrer, die von ausserhalb kommen, um das Münsterland zu erradeln.</p>

<!-- This site is optimized with the Yoast SEO plugin v19.10 - https://yoast.com/wordpress/plugins/seo/ -->
<title>Fahrradfahren in und um Münster,Streckeninformationen für Münster</title>
<meta name="description" content="Streckeninformationen- die wir wichtig finden für Fahrradfahrer, die das Münsterland per Fahrrad kennenlernen wollen.Fahrradfahren in und um Münster" />
<meta name="robots" content="index, follow, max-snippet:-1, max-image-preview:large, max-video-preview:-1" />
<link rel="canonical" href="http://amelix.de/?page_id=604" />
<meta property="og:locale" content="de_DE" />
<meta property="og:type" content="article" />
<meta property="og:title" content="Fahrradfahren in und um Münster,Streckeninformationen für Münster" />
<meta property="og:description" content="Streckeninformationen- die wir wichtig finden für Fahrradfahrer, die das Münsterland per Fahrrad kennenlernen wollen.Fahrradfahren in und um Münster" />
<meta property="og:url" content="http://amelix.de/?page_id=604" />
<meta property="og:site_name" content="Amelix" />
<meta property="article:modified_time" content="2019-12-09T21:29:21+00:00" />
<meta property="og:image" content="http://amelix.de/wp-content/uploads/2019/12/0016921-Arbeitskopie-2-600x397.jpg" />
<script type="application/ld+json" class="yoast-schema-graph">{"@context":"https://schema.org","@graph":[{"@type":"WebPage","@id":"http://amelix.de/?page_id=604","url":"http://amelix.de/?page_id=604","name":"Fahrradfahren in und um Münster,Streckeninformationen für Münster","isPartOf":{"@id":"http://amelix.de/#website"},"datePublished":"2014-03-15T16:39:26+00:00","dateModified":"2019-12-09T21:29:21+00:00","description":"Streckeninformationen- die wir wichtig finden für Fahrradfahrer, die das Münsterland per Fahrrad kennenlernen wollen.Fahrradfahren in und um Münster","breadcrumb":{"@id":"http://amelix.de/?page_id=604#breadcrumb"},"inLanguage":"de","potentialAction":[{"@type":"ReadAction","target":["http://amelix.de/?page_id=604"]}]},{"@type":"BreadcrumbList","@id":"http://amelix.de/?page_id=604#breadcrumb","itemListElement":[{"@type":"ListItem","position":1,"name":"Home","item":"http://amelix.de/"},{"@type":"ListItem","position":2,"name":"Fahrradfahren in und um Münster"}]},{"@type":"WebSite","@id":"http://amelix.de/#website","url":"http://amelix.de/","name":"Amelix","description":"Fahrradfahr-Blog für Best-Ager","potentialAction":[{"@type":"SearchAction","target":{"@type":"EntryPoint","urlTemplate":"http://amelix.de/?s={search_term_string}"},"query-input":"required name=search_term_string"}],"inLanguage":"de"}]}</script>
<!-- / Yoast SEO plugin. -->

Fahrradfahren in und um Münster,Streckeninformationen für Münster

Streckeninformationen- die wir wichtig finden für Fahrradfahrer, die das Münsterland per Fahrrad kennenlernen wollen.Fahrradfahren in und um Münster

Fahrradfahr-Blog für Best-Ager
