{"id":725,"date":"2014-04-15T19:02:06","date_gmt":"2014-04-15T17:02:06","guid":{"rendered":"http:\/\/amelix.de\/?page_id=725"},"modified":"2019-12-10T18:22:39","modified_gmt":"2019-12-10T17:22:39","slug":"der-westfaelische-jakobsweg-radweg-von-muenster-hiltrup-nach-luenen","status":"publish","type":"page","link":"http:\/\/amelix.de\/?page_id=725","title":{"rendered":"Der Westf\u00e4lische Jakobsweg (Radweg) von M\u00fcnster-Hiltrup nach L\u00fcnen"},"content":{"rendered":"<p><span style=\"color: #ff0000;\">Startort**M\u00fcnster Hiltrup( am &#8222;Steiner See &#8220; )** \u00a0 \u00a0 \u00a0\u00a0Zielort** L\u00fcnen** \u00a0 \u00a0 \u00a0 Streckenl\u00e4nge** ca. 60 km**<\/span><\/p>\n<p><span style=\"color: #0000ff;\">Wir empfinden diesen Teil des Westf\u00e4lischen Jakobs-Pilgerweges als sehr gut ausgeschildert bis kurz vor L\u00fcnen.<\/span><\/p>\n<p><span style=\"color: #0000ff;\"> Die Befahrbarkeit der Strecke ist ebenfalls sehr gut.\u00a0Sie besteht zum gr\u00f6\u00dften Teil aus Asphalt , sowie Waldboden und auch ein wenig Schotterpiste. Es gibt nur wenige Steigungen und die Wege f\u00fchrten meistens \u00fcber Wirtschaftswege.Aber auch durch Siedlungen oder Stra\u00dfen mit Radweg.An zwei Stellen mussten wir ein kurzes St\u00fcck auf der Landstra\u00dfe radeln.<\/span><\/p>\n<p><span style=\"color: #0000ff;\">\u00a0<\/span><\/p>\n<p><span style=\"color: #0000ff;\">Wir starteten den <em><strong>Westf\u00e4lischen Jakobsweg <\/strong><\/em>in\u00a0Hiltrup, in der N\u00e4he des <em>Steiner Sees. <\/em>Das Symbol dieses Pilgerradweges ist eine stilisierte gelbe Muschel auf blauem Untergrund. Diese erste Muscheln auf unseren Radweg ist allerdings nicht auf Anhieb zu erkennen.<\/span><\/p>\n<figure id=\"attachment_729\" aria-describedby=\"caption-attachment-729\" style=\"width: 600px\" class=\"wp-caption alignnone\"><img loading=\"lazy\" class=\"wp-image-729 size-medium\" src=\"http:\/\/amelix.de\/wp-content\/uploads\/2014\/04\/001_6424-600x397.jpg\" alt=\"Bild: Jakobsradweg M\u00fcnster Fahrrad Amelix\" width=\"600\" height=\"397\" srcset=\"http:\/\/amelix.de\/wp-content\/uploads\/2014\/04\/001_6424-600x397.jpg 600w, http:\/\/amelix.de\/wp-content\/uploads\/2014\/04\/001_6424.jpg 1024w\" sizes=\"(max-width: 600px) 85vw, 600px\" \/><figcaption id=\"caption-attachment-729\" class=\"wp-caption-text\">halb verstecktes Jakobsweg-Symbol an einem Strassenschild<\/figcaption><\/figure>\n<p><span style=\"color: #0000ff;\">Besser zu erkennen wurde die Jakobsmuschel \u00a0dann im Waldst\u00fcck der <em>&#8222;Hohen Ward&#8220;.<\/em><\/span><\/p>\n<p><span style=\"color: #0000ff;\"><a  href=\"http:\/\/amelix.de\/wp-content\/uploads\/2014\/04\/001_6425.jpg\" data-rel=\"lightbox-gallery-0\" data-rl_title=\"\" data-rl_caption=\"\" title=\"\"><span style=\"color: #0000ff;\"><img loading=\"lazy\" class=\"alignnone wp-image-730 size-medium\" src=\"http:\/\/amelix.de\/wp-content\/uploads\/2014\/04\/001_6425-600x397.jpg\" alt=\"Bild: Jakobsradweg M\u00fcnster Fahrrad Amelix\" width=\"600\" height=\"397\" srcset=\"http:\/\/amelix.de\/wp-content\/uploads\/2014\/04\/001_6425-600x397.jpg 600w, http:\/\/amelix.de\/wp-content\/uploads\/2014\/04\/001_6425.jpg 1024w\" sizes=\"(max-width: 600px) 85vw, 600px\" \/><\/span><\/a><\/span><\/p>\n<p><span style=\"color: #0000ff;\">\u00a0<\/span><\/p>\n<p><span style=\"color: #0000ff;\">In<strong><em> Rinkerode <\/em><\/strong>war es dann wieder ein Suchspiel, die Muschel zu finden.Sie befand sich auf der linken Seite, auf der R\u00fcckseite eines leicht schr\u00e4g stehenden Stra\u00dfenschildes.<\/span><\/p>\n<p>&nbsp;<\/p>\n<p><span style=\"color: #0000ff;\"><a  href=\"http:\/\/amelix.de\/wp-content\/uploads\/2014\/04\/001_6427.jpg\" data-rel=\"lightbox-gallery-0\" data-rl_title=\"\" data-rl_caption=\"\" title=\"\"><img loading=\"lazy\" class=\"alignnone wp-image-745 size-medium\" src=\"http:\/\/amelix.de\/wp-content\/uploads\/2014\/04\/001_6427-600x373.jpg\" alt=\"Bild: Jakobsradweg M\u00fcnster Fahrrad Amelix\" width=\"600\" height=\"373\" srcset=\"http:\/\/amelix.de\/wp-content\/uploads\/2014\/04\/001_6427-600x373.jpg 600w, http:\/\/amelix.de\/wp-content\/uploads\/2014\/04\/001_6427.jpg 1024w\" sizes=\"(max-width: 600px) 85vw, 600px\" \/><\/a>\u00a0<\/span><\/p>\n<p><span style=\"color: #0000ff;\">Den ersten Stempel in unseren Pilgerpass holten wir uns bei der sehr netten und freundlichen Wirtin des Hauses Lohmann.Eine der offiziellen Stempelstelle des Ortes.<\/span><\/p>\n<p><span style=\"color: #0000ff;\">Weiter ging es nach <em><strong>Herbern<\/strong><\/em>, wo wir uns selber den Pilger-Stempel in der Benedikt`s-Kirche holen konnten.Das funktionierte\u00a0 sogar Sonntags.<\/span><\/p>\n<p><span style=\"color: #0000ff;\"><a  href=\"http:\/\/amelix.de\/wp-content\/uploads\/2014\/04\/001_6429.jpg\" data-rel=\"lightbox-gallery-0\" data-rl_title=\"\" data-rl_caption=\"\" title=\"\"><span style=\"color: #0000ff;\"><img loading=\"lazy\" class=\"alignnone wp-image-738 size-medium\" src=\"http:\/\/amelix.de\/wp-content\/uploads\/2014\/04\/001_6429-600x397.jpg\" alt=\"Bild: Jakobsradweg ab M\u00fcnster Fahrrad Amelix\" width=\"600\" height=\"397\" srcset=\"http:\/\/amelix.de\/wp-content\/uploads\/2014\/04\/001_6429-600x397.jpg 600w, http:\/\/amelix.de\/wp-content\/uploads\/2014\/04\/001_6429.jpg 1024w\" sizes=\"(max-width: 600px) 85vw, 600px\" \/><\/span><\/a><\/span><\/p>\n<p><span style=\"color: #0000ff;\"><a  href=\"http:\/\/amelix.de\/wp-content\/uploads\/2014\/04\/001_6439.jpg\" data-rel=\"lightbox-gallery-0\" data-rl_title=\"\" data-rl_caption=\"\" title=\"\"><span style=\"color: #0000ff;\"><img loading=\"lazy\" class=\"alignnone wp-image-732 size-medium\" src=\"http:\/\/amelix.de\/wp-content\/uploads\/2014\/04\/001_6439-482x600.jpg\" alt=\"Bild: Jakobsradweg ab M\u00fcnster Fahrrad Amelix\" width=\"482\" height=\"600\" srcset=\"http:\/\/amelix.de\/wp-content\/uploads\/2014\/04\/001_6439-482x600.jpg 482w, http:\/\/amelix.de\/wp-content\/uploads\/2014\/04\/001_6439.jpg 824w\" sizes=\"(max-width: 482px) 85vw, 482px\" \/><\/span><\/a><\/span><\/p>\n<p><span style=\"color: #0000ff;\">\u00a0<\/span><\/p>\n<p><span style=\"color: #0000ff;\">Weiter radelten wir \u00fcber das Gel\u00e4nde von &#8222;Schloss Westerwinkel&#8220; nach <em><strong>Werne. <\/strong><\/em>Im gesamten Bereich des Schloss-Gel\u00e4ndes gibt es leider keine Jakobsmuschel, die die Weiterfahrt ohne Karte erleichtern k\u00f6nnte.<\/span><\/p>\n<p><span style=\"color: #0000ff;\">Hier unser kleiner Tip.\u00a0Wenn man auf dem Schlossgel\u00e4nde an einer links stehenden Marienstatue vorbei f\u00e4hrt, sollte man links abbiegen um dem Jakobsweg zu folgen. Es folgen einige Kilometer holprigen, aber sehr sch\u00f6nen Waldweges.<\/span><\/p>\n<p><span style=\"color: #0000ff;\">Am Ende dieses Streckenabschnittes steht man dann an einer Landstrasse.\u00a0Dort gibt es leider keinerlei Beschilderung ,wo der\u00a0weitere Weg zu finden ist. Es gibt zwar eine Karte, aber die hilft nicht weiter.<\/span><\/p>\n<p><span style=\"color: #0000ff;\"><a  href=\"http:\/\/amelix.de\/wp-content\/uploads\/2014\/04\/001_6442-Arbeitskopie-2.jpg\" data-rel=\"lightbox-gallery-0\" data-rl_title=\"\" data-rl_caption=\"\" title=\"\"><span style=\"color: #0000ff;\"><img loading=\"lazy\" class=\"alignnone wp-image-733 size-medium\" src=\"http:\/\/amelix.de\/wp-content\/uploads\/2014\/04\/001_6442-Arbeitskopie-2-423x600.jpg\" alt=\"Bild: Jakobsradweg ab M\u00fcnster Fahrrad Amelix\" width=\"423\" height=\"600\" srcset=\"http:\/\/amelix.de\/wp-content\/uploads\/2014\/04\/001_6442-Arbeitskopie-2-423x600.jpg 423w, http:\/\/amelix.de\/wp-content\/uploads\/2014\/04\/001_6442-Arbeitskopie-2.jpg 722w\" sizes=\"(max-width: 423px) 85vw, 423px\" \/><\/span><\/a> <a  href=\"http:\/\/amelix.de\/wp-content\/uploads\/2014\/04\/001_6443-Arbeitskopie-2.jpg\" data-rel=\"lightbox-gallery-0\" data-rl_title=\"\" data-rl_caption=\"\" title=\"\"><span style=\"color: #0000ff;\"><img loading=\"lazy\" class=\"alignnone wp-image-734 size-medium\" src=\"http:\/\/amelix.de\/wp-content\/uploads\/2014\/04\/001_6443-Arbeitskopie-2-600x294.jpg\" alt=\"Bild: Jakobsradweg ab M\u00fcnster Fahrrad Amelix\" width=\"600\" height=\"294\" srcset=\"http:\/\/amelix.de\/wp-content\/uploads\/2014\/04\/001_6443-Arbeitskopie-2-600x294.jpg 600w, http:\/\/amelix.de\/wp-content\/uploads\/2014\/04\/001_6443-Arbeitskopie-2.jpg 1024w\" sizes=\"(max-width: 600px) 85vw, 600px\" \/><\/span><\/a><\/span><\/p>\n<p><span style=\"color: #0000ff;\">\u00a0<\/span><\/p>\n<p><span style=\"color: #0000ff;\">An der obigen Kreuzung sind wir rechts gefahren.\u00a0Dann nach ca. 600 m wieder nach links in die Wesseler Strasse abgebogen.\u00a0Und &#8230;Hurra&#8230; es war die richtige Wahl!<\/span><\/p>\n<p><span style=\"color: #0000ff;\">Die Richtigkeit der Strecke wurde uns auch immer wieder durch am Wege stehende Jakobsstatuen best\u00e4tigt.<\/span><\/p>\n<p><span style=\"color: #0000ff;\"><a  href=\"http:\/\/amelix.de\/wp-content\/uploads\/2014\/04\/001_6448.jpg\" data-rel=\"lightbox-gallery-0\" data-rl_title=\"\" data-rl_caption=\"\" title=\"\"><span style=\"color: #0000ff;\"><img loading=\"lazy\" class=\"alignnone wp-image-735 size-medium\" src=\"http:\/\/amelix.de\/wp-content\/uploads\/2014\/04\/001_6448-421x600.jpg\" alt=\"Bild: Jakobsradweg ab M\u00fcnster Fahrrad Amelix\" width=\"421\" height=\"600\" srcset=\"http:\/\/amelix.de\/wp-content\/uploads\/2014\/04\/001_6448-421x600.jpg 421w, http:\/\/amelix.de\/wp-content\/uploads\/2014\/04\/001_6448.jpg 720w\" sizes=\"(max-width: 421px) 85vw, 421px\" \/><\/span><\/a> <a  href=\"http:\/\/amelix.de\/wp-content\/uploads\/2014\/04\/001_6441.jpg\" data-rel=\"lightbox-gallery-0\" data-rl_title=\"\" data-rl_caption=\"\" title=\"\"><span style=\"color: #0000ff;\"><img loading=\"lazy\" class=\"alignnone wp-image-736 size-medium\" src=\"http:\/\/amelix.de\/wp-content\/uploads\/2014\/04\/001_6441-333x600.jpg\" alt=\"Bild: Jakobsradweg ab M\u00fcnster Fahrrad Amelix\" width=\"333\" height=\"600\" \/><\/span><\/a><\/span><\/p>\n<p><span style=\"color: #0000ff;\">In <em><strong>Werne <\/strong><\/em>holten wir uns den Pilgerstempel in einem Kapuzinerkloster.\u00a0Dazu geh\u00f6rte auch noch eine\u00a0wundersch\u00f6nen Kapelle.<\/span><\/p>\n<p><span style=\"color: #0000ff;\"><a  href=\"http:\/\/amelix.de\/wp-content\/uploads\/2014\/04\/DSC03304.jpg\" data-rel=\"lightbox-gallery-0\" data-rl_title=\"\" data-rl_caption=\"\" title=\"\"><span style=\"color: #0000ff;\"><img loading=\"lazy\" class=\"alignnone wp-image-739 size-medium\" src=\"http:\/\/amelix.de\/wp-content\/uploads\/2014\/04\/DSC03304-600x450.jpg\" alt=\"Bild: Jakobsradweg ab M\u00fcnster Fahrrad Amelix\" width=\"600\" height=\"450\" srcset=\"http:\/\/amelix.de\/wp-content\/uploads\/2014\/04\/DSC03304-600x450.jpg 600w, http:\/\/amelix.de\/wp-content\/uploads\/2014\/04\/DSC03304.jpg 1024w\" sizes=\"(max-width: 600px) 85vw, 600px\" \/><\/span><\/a><\/span><\/p>\n<p><span style=\"color: #0000ff;\">Dann ging es weiter nach<em><strong> L\u00fcnen,\u00a0<\/strong><\/em>was mit deutlich mehr\u00a0Steigungen auf dem Weg dorthin verbunden ist. In L\u00fcnen ist leider die Beschilderung mit Jakobsweg-Muscheln \u00e4u\u00dferst sp\u00e4rlich. So radelten\u00a0wir drei \u00a0Kirchen an, auf der Suche nach einem Stempel f\u00fcr unsere P\u00e4sse.Dann\u00a0erkundigten wir uns, und erfuhren, dass es daf\u00fcr an Sonntagen keine M\u00f6glichkeit g\u00e4be.<\/span><\/p>\n<p><span style=\"color: #0000ff;\">Der Bahnhof von L\u00fcnen bot dann noch eine kleine Schwierigkeit.Da es dort nur eine Treppe gibt, (ohne seitliche F\u00fchrungsschiene f\u00fcr Fahrr\u00e4der), mu\u00df\u00a0man die R\u00e4der auf den Bahnsteig hochtragen. \u00a0Eine elektrische Rampe f\u00fcr Rollstuhlfahrer ist allerdings ,auf Abruf ,vorhanden.<\/span><\/p>\n<p><span style=\"color: #0000ff;\"><a  href=\"http:\/\/amelix.de\/wp-content\/uploads\/2014\/04\/001_6458.jpg\" data-rel=\"lightbox-gallery-0\" data-rl_title=\"\" data-rl_caption=\"\" title=\"\"><span style=\"color: #0000ff;\"><img loading=\"lazy\" class=\"alignnone wp-image-742 size-medium\" src=\"http:\/\/amelix.de\/wp-content\/uploads\/2014\/04\/001_6458-600x397.jpg\" alt=\"Bild: Jakobsradweg ab M\u00fcnster Fahrrad Amelix\" width=\"600\" height=\"397\" srcset=\"http:\/\/amelix.de\/wp-content\/uploads\/2014\/04\/001_6458-600x397.jpg 600w, http:\/\/amelix.de\/wp-content\/uploads\/2014\/04\/001_6458.jpg 1024w\" sizes=\"(max-width: 600px) 85vw, 600px\" \/><\/span><\/a><\/span><\/p>\n","protected":false},"excerpt":{"rendered":"<p>Startort**M\u00fcnster Hiltrup( am &#8222;Steiner See &#8220; )** \u00a0 \u00a0 \u00a0\u00a0Zielort** L\u00fcnen** \u00a0 \u00a0 \u00a0 Streckenl\u00e4nge** ca. 60 km** Wir empfinden diesen Teil des Westf\u00e4lischen Jakobs-Pilgerweges als sehr gut ausgeschildert bis kurz vor L\u00fcnen. Die Befahrbarkeit der Strecke ist ebenfalls sehr gut.\u00a0Sie besteht zum gr\u00f6\u00dften Teil aus Asphalt , sowie Waldboden und auch ein wenig Schotterpiste. &hellip; <a href=\"http:\/\/amelix.de\/?page_id=725\" class=\"more-link\"><span class=\"screen-reader-text\">\u201eDer Westf\u00e4lische Jakobsweg (Radweg) von M\u00fcnster-Hiltrup nach L\u00fcnen\u201c<\/span> weiterlesen<\/a><\/p>\n","protected":false},"author":2,"featured_media":0,"parent":951,"menu_order":0,"comment_status":"open","ping_status":"closed","template":"","meta":[],"yoast_head":"<!-- This site is optimized with the Yoast SEO plugin v19.10 - https:\/\/yoast.com\/wordpress\/plugins\/seo\/ -->\n<title>Der Westf\u00e4lische Jakobsweg (Radweg) m\u00fcnster hiltrup l\u00fcnen<\/title>\n<meta name=\"description\" content=\"Der Westf\u00e4lischer Jakobsweg M\u00fcnster-Hiltrup nach L\u00fcnen, Amelix L\u00e4nge Befahrbarkeit Abwechslungsreichtum Jakobsmuschel Bahnhof Stempelstellen\" \/>\n<meta name=\"robots\" content=\"index, follow, max-snippet:-1, max-image-preview:large, max-video-preview:-1\" \/>\n<link rel=\"canonical\" href=\"http:\/\/amelix.de\/?page_id=725\" \/>\n<meta property=\"og:locale\" content=\"de_DE\" \/>\n<meta property=\"og:type\" content=\"article\" \/>\n<meta property=\"og:title\" content=\"Der Westf\u00e4lische Jakobsweg (Radweg) m\u00fcnster hiltrup l\u00fcnen\" \/>\n<meta property=\"og:description\" content=\"Der Westf\u00e4lischer Jakobsweg M\u00fcnster-Hiltrup nach L\u00fcnen, Amelix L\u00e4nge Befahrbarkeit Abwechslungsreichtum Jakobsmuschel Bahnhof Stempelstellen\" \/>\n<meta property=\"og:url\" content=\"http:\/\/amelix.de\/?page_id=725\" \/>\n<meta property=\"og:site_name\" content=\"Amelix\" \/>\n<meta property=\"article:modified_time\" content=\"2019-12-10T17:22:39+00:00\" \/>\n<meta property=\"og:image\" content=\"http:\/\/amelix.de\/wp-content\/uploads\/2014\/04\/001_6424-600x397.jpg\" \/>\n<meta name=\"twitter:label1\" content=\"Gesch\u00e4tzte Lesezeit\" \/>\n\t<meta name=\"twitter:data1\" content=\"3\u00a0Minuten\" \/>\n<script type=\"application\/ld+json\" class=\"yoast-schema-graph\">{\"@context\":\"https:\/\/schema.org\",\"@graph\":[{\"@type\":\"WebPage\",\"@id\":\"http:\/\/amelix.de\/?page_id=725\",\"url\":\"http:\/\/amelix.de\/?page_id=725\",\"name\":\"Der Westf\u00e4lische Jakobsweg (Radweg) m\u00fcnster hiltrup l\u00fcnen\",\"isPartOf\":{\"@id\":\"http:\/\/amelix.de\/#website\"},\"datePublished\":\"2014-04-15T17:02:06+00:00\",\"dateModified\":\"2019-12-10T17:22:39+00:00\",\"description\":\"Der Westf\u00e4lischer Jakobsweg M\u00fcnster-Hiltrup nach L\u00fcnen, Amelix L\u00e4nge Befahrbarkeit Abwechslungsreichtum Jakobsmuschel Bahnhof Stempelstellen\",\"breadcrumb\":{\"@id\":\"http:\/\/amelix.de\/?page_id=725#breadcrumb\"},\"inLanguage\":\"de\",\"potentialAction\":[{\"@type\":\"ReadAction\",\"target\":[\"http:\/\/amelix.de\/?page_id=725\"]}]},{\"@type\":\"BreadcrumbList\",\"@id\":\"http:\/\/amelix.de\/?page_id=725#breadcrumb\",\"itemListElement\":[{\"@type\":\"ListItem\",\"position\":1,\"name\":\"Home\",\"item\":\"http:\/\/amelix.de\/\"},{\"@type\":\"ListItem\",\"position\":2,\"name\":\"Unsere Fahrradtouren\",\"item\":\"http:\/\/amelix.de\/?page_id=206\"},{\"@type\":\"ListItem\",\"position\":3,\"name\":\"2014\",\"item\":\"http:\/\/amelix.de\/?page_id=951\"},{\"@type\":\"ListItem\",\"position\":4,\"name\":\"Der Westf\u00e4lische Jakobsweg (Radweg) von M\u00fcnster-Hiltrup nach L\u00fcnen\"}]},{\"@type\":\"WebSite\",\"@id\":\"http:\/\/amelix.de\/#website\",\"url\":\"http:\/\/amelix.de\/\",\"name\":\"Amelix\",\"description\":\"Fahrradfahr-Blog f\u00fcr Best-Ager\",\"potentialAction\":[{\"@type\":\"SearchAction\",\"target\":{\"@type\":\"EntryPoint\",\"urlTemplate\":\"http:\/\/amelix.de\/?s={search_term_string}\"},\"query-input\":\"required name=search_term_string\"}],\"inLanguage\":\"de\"}]}<\/script>\n<!-- \/ Yoast SEO plugin. -->","yoast_head_json":{"title":"Der Westf\u00e4lische Jakobsweg (Radweg) m\u00fcnster hiltrup l\u00fcnen","description":"Der Westf\u00e4lischer Jakobsweg M\u00fcnster-Hiltrup nach L\u00fcnen, Amelix L\u00e4nge Befahrbarkeit Abwechslungsreichtum Jakobsmuschel Bahnhof Stempelstellen","robots":{"index":"index","follow":"follow","max-snippet":"max-snippet:-1","max-image-preview":"max-image-preview:large","max-video-preview":"max-video-preview:-1"},"canonical":"http:\/\/amelix.de\/?page_id=725","og_locale":"de_DE","og_type":"article","og_title":"Der Westf\u00e4lische Jakobsweg (Radweg) m\u00fcnster hiltrup l\u00fcnen","og_description":"Der Westf\u00e4lischer Jakobsweg M\u00fcnster-Hiltrup nach L\u00fcnen, Amelix L\u00e4nge Befahrbarkeit Abwechslungsreichtum Jakobsmuschel Bahnhof Stempelstellen","og_url":"http:\/\/amelix.de\/?page_id=725","og_site_name":"Amelix","article_modified_time":"2019-12-10T17:22:39+00:00","og_image":[{"url":"http:\/\/amelix.de\/wp-content\/uploads\/2014\/04\/001_6424-600x397.jpg"}],"twitter_misc":{"Gesch\u00e4tzte Lesezeit":"3\u00a0Minuten"},"schema":{"@context":"https:\/\/schema.org","@graph":[{"@type":"WebPage","@id":"http:\/\/amelix.de\/?page_id=725","url":"http:\/\/amelix.de\/?page_id=725","name":"Der Westf\u00e4lische Jakobsweg (Radweg) m\u00fcnster hiltrup l\u00fcnen","isPartOf":{"@id":"http:\/\/amelix.de\/#website"},"datePublished":"2014-04-15T17:02:06+00:00","dateModified":"2019-12-10T17:22:39+00:00","description":"Der Westf\u00e4lischer Jakobsweg M\u00fcnster-Hiltrup nach L\u00fcnen, Amelix L\u00e4nge Befahrbarkeit Abwechslungsreichtum Jakobsmuschel Bahnhof Stempelstellen","breadcrumb":{"@id":"http:\/\/amelix.de\/?page_id=725#breadcrumb"},"inLanguage":"de","potentialAction":[{"@type":"ReadAction","target":["http:\/\/amelix.de\/?page_id=725"]}]},{"@type":"BreadcrumbList","@id":"http:\/\/amelix.de\/?page_id=725#breadcrumb","itemListElement":[{"@type":"ListItem","position":1,"name":"Home","item":"http:\/\/amelix.de\/"},{"@type":"ListItem","position":2,"name":"Unsere Fahrradtouren","item":"http:\/\/amelix.de\/?page_id=206"},{"@type":"ListItem","position":3,"name":"2014","item":"http:\/\/amelix.de\/?page_id=951"},{"@type":"ListItem","position":4,"name":"Der Westf\u00e4lische Jakobsweg (Radweg) von M\u00fcnster-Hiltrup nach L\u00fcnen"}]},{"@type":"WebSite","@id":"http:\/\/amelix.de\/#website","url":"http:\/\/amelix.de\/","name":"Amelix","description":"Fahrradfahr-Blog f\u00fcr Best-Ager","potentialAction":[{"@type":"SearchAction","target":{"@type":"EntryPoint","urlTemplate":"http:\/\/amelix.de\/?s={search_term_string}"},"query-input":"required name=search_term_string"}],"inLanguage":"de"}]}},"_links":{"self":[{"href":"http:\/\/amelix.de\/index.php?rest_route=\/wp\/v2\/pages\/725"}],"collection":[{"href":"http:\/\/amelix.de\/index.php?rest_route=\/wp\/v2\/pages"}],"about":[{"href":"http:\/\/amelix.de\/index.php?rest_route=\/wp\/v2\/types\/page"}],"author":[{"embeddable":true,"href":"http:\/\/amelix.de\/index.php?rest_route=\/wp\/v2\/users\/2"}],"replies":[{"embeddable":true,"href":"http:\/\/amelix.de\/index.php?rest_route=%2Fwp%2Fv2%2Fcomments&post=725"}],"version-history":[{"count":16,"href":"http:\/\/amelix.de\/index.php?rest_route=\/wp\/v2\/pages\/725\/revisions"}],"predecessor-version":[{"id":1146,"href":"http:\/\/amelix.de\/index.php?rest_route=\/wp\/v2\/pages\/725\/revisions\/1146"}],"up":[{"embeddable":true,"href":"http:\/\/amelix.de\/index.php?rest_route=\/wp\/v2\/pages\/951"}],"wp:attachment":[{"href":"http:\/\/amelix.de\/index.php?rest_route=%2Fwp%2Fv2%2Fmedia&parent=725"}],"curies":[{"name":"wp","href":"https:\/\/api.w.org\/{rel}","templated":true}]}}